{"id":1086,"date":"2018-03-07T12:34:58","date_gmt":"2018-03-07T11:34:58","guid":{"rendered":"http:\/\/www.animabelge.be\/?page_id=1086"},"modified":"2026-03-23T13:50:49","modified_gmt":"2026-03-23T12:50:49","slug":"balades-a-dos-dane-ou-de-poney","status":"publish","type":"page","link":"https:\/\/www.animabelge.be\/?page_id=1086","title":{"rendered":"Balades  \u00e0 dos d&rsquo;\u00e2ne"},"content":{"rendered":"\n<h4 class=\"wp-block-heading\">\/!\\ Uniquement du 1er mai au 31 octobre \/!\\<\/h4>\n\n\n\n<h4 class=\"wp-block-heading\">Balades traditionnelles en groupe<\/h4>\n\n\n\n<p>Les balades sont uniquement possible pour des groupes (<strong>minimum 5 montures<\/strong>) &#8211; sur r\u00e9servation.<\/p>\n\n\n\n<p>Nous organisons des balades d&rsquo;environ 4 km (1h15) pour les enfants \u00e0 partir de <strong>3 ans<\/strong>, \u00e0 dos d&rsquo;\u00e2nes (parfois de poneys). La monture est tenue par <strong>un des parents<\/strong>, ou un <strong>adulte majeur<\/strong> et des accompagnateurs encadrent le groupe.<br>Nous baladons dans les campagnes de Gentinnes, permettant \u00e0 chacun de se ressourcer en pleine nature, tant pour les enfants que pour les parents.<br>Rendez-vous \u00e0 14h15 pour l&rsquo;accueil. D\u00e9part de la balade \u00e0 14h30. L&rsquo;horaire peut \u00eatre adapt\u00e9 en fonction de votre demande.<br>Pr\u00e9voir un casque \u00e0 v\u00e9lo pour les enfants (pas obligatoire, mais conseill\u00e9) et des chaussures de marche pour les adultes accompagnants.<\/p>\n\n\n\n<p>En pratique :<\/p>\n\n\n\n<ul class=\"wp-block-list\">\n<li>D\u00e9part du moulin de Gentinnes : rue du moulin, 183 \u00e0 1450 Gentinnes (Chastre)<\/li>\n\n\n\n<li>20,00 \u20ac par monture (un enfant + un adulte accompagnant obligatoire)<\/li>\n\n\n\n<li>Pour toute inscription, veuillez renseigner les <strong>nom et pr\u00e9nom de l&rsquo;enfant, son \u00e2ge et un num\u00e9ro de t\u00e9l\u00e9phone.<\/strong><\/li>\n\n\n\n<li>Organisation sur rendez-vous.<\/li>\n\n\n\n<li>R\u00e9servation pr\u00e9alable au 0476.47.88.56 ou via le <a href=\"http:\/\/www.animabelge.be\/?page_id=18\">formulaire de contact<\/a><\/li>\n\n\n\n<li>Du 1er mai au 31 octobre<\/li>\n\n\n\n<li>Le mercredi, samedi ou dimanche. Attention, pour le samedi, r\u00e9servation min. 3 semaines \u00e0 l&rsquo;avance.<\/li>\n<\/ul>\n\n\n\n<h4 class=\"wp-block-heading\">Balades \u00ab\u00a0famille\u00a0\u00bb<\/h4>\n\n\n\n<p>Dans l&rsquo;esprit de ce que nous organisons lors des stages et des anniversaires, <strong>nous irons d&rsquo;abord \u00e0 la rencontre des \u00e2nes dans leur prairie<\/strong>. Vous pourrez les rencontrer tous et choisir ceux que vous souhaitez pour la balade. (+\/- 30 minutes)<\/p>\n\n\n\n<p>Vous apprendrez \u00e0 leur mettre un licol et \u00e0 les pr\u00e9parer (les brosser, mettre la selle&#8230;) pour la balade qui, elle durera environ 1h15.<\/p>\n\n\n\n<p>De retour \u00e0 la ferme, il faudra d\u00e9seller les \u00e2nes et les remettre en prairie (+\/- 15 min)<\/p>\n\n\n\n<p><strong>L&rsquo;ensemble de l&rsquo;activit\u00e9 dure environ 2 heures<\/strong><\/p>\n\n\n\n<p>En pratique :<\/p>\n\n\n\n<ul class=\"wp-block-list\">\n<li>Accueil au moulin de Gentinnes ; rue du moulin, 183 \u00e0 Gentinnes (Chastre)<\/li>\n\n\n\n<li>Forfait de base : 100,00 \u20ac pour 2 adultes et 4 enfants maximum.<\/li>\n\n\n\n<li>10,00 \u20ac par adulte ou enfant suppl\u00e9mentaire. Pour que tous les enfants puissent monter, il faut pr\u00e9voir un nombre suffisant d&rsquo;adultes (nombre d&rsquo;enfants moins 2). Sinon, il est possible d&rsquo;organiser une tournante durant la balade.<\/li>\n\n\n\n<li>Dur\u00e9es de l&rsquo;activit\u00e9 : environ 2 heures<\/li>\n\n\n\n<li>Pour monter, l&rsquo;enfant doit \u00eatre \u00e2g\u00e9 de minimum 3 ans.<\/li>\n\n\n\n<li>Pr\u00e9voir chaussures adapt\u00e9es et casque de v\u00e9lo (mais on peut aussi en pr\u00eater \ud83d\ude09 )<\/li>\n\n\n\n<li>Sur rendez-vous en fonction de nos possibilit\u00e9s.<\/li>\n\n\n\n<li>R\u00e9servation et renseignements au 0476.47.88.56 ou via le <a href=\"http:\/\/www.animabelge.be\/?page_id=18\">formulaire de contact<\/a><\/li>\n\n\n\n<li>Le mercredi, samedi ou dimanche. Attention, pour le samedi, r\u00e9servation min. 3 semaines \u00e0 l&rsquo;avance.<\/li>\n\n\n\n<li>Du 1er mai au 31 octobre<\/li>\n<\/ul>\n\n\n\n<p><strong>&nbsp;<\/strong><\/p>\n\n\n\n<p><strong>&nbsp;<\/strong><\/p>\n","protected":false},"excerpt":{"rendered":"<p>\/!\\ Uniquement du 1er mai au 31 octobre \/!\\ Balades traditionnelles en groupe Les balades sont uniquement possible pour des groupes (minimum 5 montures) &#8211; sur r\u00e9servation. Nous organisons des balades d&rsquo;environ 4 km (1h15) pour les enfants \u00e0 partir de 3 ans, \u00e0 dos d&rsquo;\u00e2nes (parfois de poneys). La monture est tenue par un &hellip; <\/p>\n<p class=\"link-more\"><a href=\"https:\/\/www.animabelge.be\/?page_id=1086\" class=\"more-link\">Continuer la lecture<span class=\"screen-reader-text\"> de &laquo;&nbsp;Balades  \u00e0 dos d&rsquo;\u00e2ne&nbsp;&raquo;<\/span><\/a><\/p>\n","protected":false},"author":1,"featured_media":1087,"parent":0,"menu_order":0,"comment_status":"closed","ping_status":"closed","template":"","meta":{"jetpack_post_was_ever_published":false,"footnotes":""},"class_list":["post-1086","page","type-page","status-publish","has-post-thumbnail","hentry"],"jetpack_sharing_enabled":true,"jetpack_shortlink":"https:\/\/wp.me\/P9DO0T-hw","jetpack_likes_enabled":true,"jetpack-related-posts":[],"_links":{"self":[{"href":"https:\/\/www.animabelge.be\/index.php?rest_route=\/wp\/v2\/pages\/1086","targetHints":{"allow":["GET"]}}],"collection":[{"href":"https:\/\/www.animabelge.be\/index.php?rest_route=\/wp\/v2\/pages"}],"about":[{"href":"https:\/\/www.animabelge.be\/index.php?rest_route=\/wp\/v2\/types\/page"}],"author":[{"embeddable":true,"href":"https:\/\/www.animabelge.be\/index.php?rest_route=\/wp\/v2\/users\/1"}],"replies":[{"embeddable":true,"href":"https:\/\/www.animabelge.be\/index.php?rest_route=%2Fwp%2Fv2%2Fcomments&post=1086"}],"version-history":[{"count":45,"href":"https:\/\/www.animabelge.be\/index.php?rest_route=\/wp\/v2\/pages\/1086\/revisions"}],"predecessor-version":[{"id":1824,"href":"https:\/\/www.animabelge.be\/index.php?rest_route=\/wp\/v2\/pages\/1086\/revisions\/1824"}],"wp:featuredmedia":[{"embeddable":true,"href":"https:\/\/www.animabelge.be\/index.php?rest_route=\/wp\/v2\/media\/1087"}],"wp:attachment":[{"href":"https:\/\/www.animabelge.be\/index.php?rest_route=%2Fwp%2Fv2%2Fmedia&parent=1086"}],"curies":[{"name":"wp","href":"https:\/\/api.w.org\/{rel}","templated":true}]}}

Balades  à dos d&rsquo;âne

<h4 class="wp-block-heading">/!\ Uniquement du 1er mai au 31 octobre /!\</h4>



<h4 class="wp-block-heading">Balades traditionnelles en groupe</h4>



<p>Les balades sont uniquement possible pour des groupes (<strong>minimum 5 montures</strong>) &#8211; sur réservation.</p>



<p>Nous organisons des balades d&rsquo;environ 4 km (1h15) pour les enfants à partir de <strong>3 ans</strong>, à dos d&rsquo;ânes (parfois de poneys). La monture est tenue par <strong>un des parents</strong>, ou un <strong>adulte majeur</strong> et des accompagnateurs encadrent le groupe.<br>Nous baladons dans les campagnes de Gentinnes, permettant à chacun de se ressourcer en pleine nature, tant pour les enfants que pour les parents.<br>Rendez-vous à 14h15 pour l&rsquo;accueil. Départ de la balade à 14h30. L&rsquo;horaire peut être adapté en fonction de votre demande.<br>Prévoir un casque à vélo pour les enfants (pas obligatoire, mais conseillé) et des chaussures de marche pour les adultes accompagnants.</p>



<p>En pratique :</p>



<ul class="wp-block-list">
<li>Départ du moulin de Gentinnes : rue du moulin, 183 à 1450 Gentinnes (Chastre)</li>



<li>20,00 € par monture (un enfant + un adulte accompagnant obligatoire)</li>



<li>Pour toute inscription, veuillez renseigner les <strong>nom et prénom de l&rsquo;enfant, son âge et un numéro de téléphone.</strong></li>



<li>Organisation sur rendez-vous.</li>



<li>Réservation préalable au 0476.47.88.56 ou via le <a href="http://www.animabelge.be/?page_id=18">formulaire de contact</a></li>



<li>Du 1er mai au 31 octobre</li>



<li>Le mercredi, samedi ou dimanche. Attention, pour le samedi, réservation min. 3 semaines à l&rsquo;avance.</li>
</ul>



<h4 class="wp-block-heading">Balades « famille »</h4>



<p>Dans l&rsquo;esprit de ce que nous organisons lors des stages et des anniversaires, <strong>nous irons d&rsquo;abord à la rencontre des ânes dans leur prairie</strong>. Vous pourrez les rencontrer tous et choisir ceux que vous souhaitez pour la balade. (+/- 30 minutes)</p>



<p>Vous apprendrez à leur mettre un licol et à les préparer (les brosser, mettre la selle&#8230;) pour la balade qui, elle durera environ 1h15.</p>



<p>De retour à la ferme, il faudra déseller les ânes et les remettre en prairie (+/- 15 min)</p>



<p><strong>L&rsquo;ensemble de l&rsquo;activité dure environ 2 heures</strong></p>



<p>En pratique :</p>



<ul class="wp-block-list">
<li>Accueil au moulin de Gentinnes ; rue du moulin, 183 à Gentinnes (Chastre)</li>



<li>Forfait de base : 100,00 € pour 2 adultes et 4 enfants maximum.</li>



<li>10,00 € par adulte ou enfant supplémentaire. Pour que tous les enfants puissent monter, il faut prévoir un nombre suffisant d&rsquo;adultes (nombre d&rsquo;enfants moins 2). Sinon, il est possible d&rsquo;organiser une tournante durant la balade.</li>



<li>Durées de l&rsquo;activité : environ 2 heures</li>



<li>Pour monter, l&rsquo;enfant doit être âgé de minimum 3 ans.</li>



<li>Prévoir chaussures adaptées et casque de vélo (mais on peut aussi en prêter 😉 )</li>



<li>Sur rendez-vous en fonction de nos possibilités.</li>



<li>Réservation et renseignements au 0476.47.88.56 ou via le <a href="http://www.animabelge.be/?page_id=18">formulaire de contact</a></li>



<li>Le mercredi, samedi ou dimanche. Attention, pour le samedi, réservation min. 3 semaines à l&rsquo;avance.</li>



<li>Du 1er mai au 31 octobre</li>
</ul>



<p><strong>&nbsp;</strong></p>



<p><strong>&nbsp;</strong></p>

<p>/!\ Uniquement du 1er mai au 31 octobre /!\ Balades traditionnelles en groupe Les balades sont uniquement possible pour des groupes (minimum 5 montures) &#8211; sur réservation. Nous organisons des balades d&rsquo;environ 4 km (1h15) pour les enfants à partir de 3 ans, à dos d&rsquo;ânes (parfois de poneys). La monture est tenue par un &hellip; </p>
<p class="link-more"><a href="https://www.animabelge.be/?page_id=1086" class="more-link">Continuer la lecture<span class="screen-reader-text"> de &laquo;&nbsp;Balades  à dos d&rsquo;âne&nbsp;&raquo;</span></a></p>
