{"id":1716,"date":"2024-06-10T11:32:24","date_gmt":"2024-06-10T09:32:24","guid":{"rendered":"http:\/\/www.animabelge.be\/?page_id=1716"},"modified":"2026-03-02T11:41:01","modified_gmt":"2026-03-02T10:41:01","slug":"stage-danier-general","status":"publish","type":"page","link":"https:\/\/www.animabelge.be\/?page_id=1716","title":{"rendered":"Stage d&rsquo;\u00e2nier &#8211; l&rsquo;\u00e2ne par la pratique"},"content":{"rendered":"\n<p>Suite \u00e0 la tr\u00e8s bonne exp\u00e9rience des premi\u00e8res \u00e9ditions, nous organisons, cette ann\u00e9e 5 sessions de notre stage d&rsquo;\u00e2nier pour adulte.<\/p>\n\n\n\n<p>Que vous soyez possesseur d&rsquo;un ou de plusieurs \u00e2ne(s) ou non, curieux de d\u00e9couvrir le monde de l&rsquo;\u00e2ne, d&rsquo;en apprendre un peu plus sur ce merveilleux animal ou simplement de passer du temps avec eux ; ce stage est fait pour vous !<\/p>\n\n\n\n<p>Depuis tr\u00e8s longtemps, l&rsquo;\u00e2ne est l&rsquo;animal embl\u00e9matique d&rsquo;Animabelge ASBL.<\/p>\n\n\n\n<p>Christophe Delin c\u00f4toie le monde de l&rsquo;\u00e2ne et en \u00e9l\u00e8ve depuis plus de 25 ans.<\/p>\n\n\n\n<p>Pendant tout ce temps, il a rencontr\u00e9 de nombreux \u00e9leveurs passionn\u00e9s, parcouru plusieurs r\u00e9gions de France (Berry, Provence) et de Belgique \u00e0 leur rencontre, a particip\u00e9 \u00e0 des Foires aux \u00e2nes (Ligni\u00e8res, Aux Marais) et divers concours (Libramont).<\/p>\n\n\n\n<p>C&rsquo;est cette exp\u00e9rience qu&rsquo;il se propose de partager avec vous le temps d&rsquo;un week-end. Ce n&rsquo;est pas un cours sur l&rsquo;\u00e2ne qu&rsquo;il vous propose ; mais une r\u00e9elle immersion dans le concret de cet animal.<\/p>\n\n\n\n<p>Pendant 2 jours, toujours par la pratique, seront abord\u00e9es les th\u00e9matiques suivantes :<\/p>\n\n\n\n<ul class=\"wp-block-list\">\n<li>Les races d&rsquo;\u00e2nes et leurs int\u00e9r\u00eats ;<\/li>\n\n\n\n<li>L&rsquo;alimentation de l&rsquo;\u00e2ne ;<\/li>\n\n\n\n<li>Le comportement de l&rsquo;\u00e2ne, son \u00e9ducation ;<\/li>\n\n\n\n<li>L&rsquo;\u00e9levage de l&rsquo;\u00e2ne et ses difficult\u00e9s ;<\/li>\n\n\n\n<li>Les obligations administratives ;<\/li>\n\n\n\n<li>Les soins \u00e0 l&rsquo;\u00e2ne (maladies, vermifuges, entretien des sabots, etc.) ;<\/li>\n\n\n\n<li>Balader avec un \u00e2ne (pr\u00e9paration, mat\u00e9riel) ;<\/li>\n\n\n\n<li>Randonner avec un \u00e2ne (b\u00e2t de portage, pr\u00e9paration \u00e0 la randonn\u00e9e) ;<\/li>\n\n\n\n<li>Travailler avec un \u00e2ne.<\/li>\n<\/ul>\n\n\n\n<p>Cette liste n&rsquo;est pas exhaustive et toutes les th\u00e9matiques amen\u00e9es par les futurs stagiaires pourront \u00eatre abord\u00e9es.  \ud83d\ude09<\/p>\n\n\n\n<p><\/p>\n\n\n\n<h2 class=\"wp-block-heading\">Quand ?<\/h2>\n\n\n\n<ul class=\"wp-block-list\">\n<li>Les 16 et 17 mai 2026. <\/li>\n\n\n\n<li>Les 20 et 21 juin 2026<\/li>\n\n\n\n<li>Les 18 et 19 juillet 2026<\/li>\n\n\n\n<li>Les 22 et 23 ao\u00fbt 2026<\/li>\n\n\n\n<li>Les 19 et 20 septembre 2026<\/li>\n<\/ul>\n\n\n\n<h2 class=\"wp-block-heading\">Horaire ?<\/h2>\n\n\n\n<p>De 9h00 \u00e0 12h00 et 13h00 \u00e0 16h00<\/p>\n\n\n\n<h2 class=\"wp-block-heading\">O\u00f9 ?<\/h2>\n\n\n\n<p>Au moulin de Gentinnes. Rue du moulin, 183 \u00e0 1450 Gentinnes (Chastre &#8211; BW).<\/p>\n\n\n\n<h2 class=\"wp-block-heading\">Pour qui ?<\/h2>\n\n\n\n<p>Toute personne int\u00e9ress\u00e9e par l&rsquo;\u00e2ne, qu&rsquo;il soit propri\u00e9taire ou non.  \ud83d\ude42<\/p>\n\n\n\n<h2 class=\"wp-block-heading\">Prix ?<\/h2>\n\n\n\n<p>140,00 \u20ac pour les deux jours. Chaque participant apporte pique-nique et en-cas. <\/p>\n\n\n\n<h2 class=\"wp-block-heading\">Conseils pratiques :<\/h2>\n\n\n\n<p>Pr\u00e9voir des v\u00eatements et chaussures adapt\u00e9s pour la marche et le travail avec les animaux. En fonction de la m\u00e9t\u00e9o, des bottes peuvent \u00eatre aussi n\u00e9cessaires, mais croisons les doigts !!<\/p>\n\n\n\n<h2 class=\"wp-block-heading\">S&rsquo;inscrire :<\/h2>\n\n\n\n<p>L&rsquo;inscription se fait en versant sur le compte <strong>BE68 1030 5856 5234<\/strong> le prix du stage. En communication, indiquer \u00ab\u00a0Nom + pr\u00e9nom + t\u00e9l\u00e9phone\u00a0\u00bb. Vous pouvez \u00e9galement utiliser le <a href=\"http:\/\/www.animabelge.be\/?page_id=18\" data-type=\"page\" data-id=\"18\" target=\"_blank\" rel=\"noreferrer noopener\">formulaire de contact<\/a> pour tout renseignement ou pour vous inscrire. Vous pouvez \u00e9galement nous contacter par t\u00e9l\u00e9phone au 0473.27.28.76 ou 0476.47.88.56.<\/p>\n","protected":false},"excerpt":{"rendered":"<p>Suite \u00e0 la tr\u00e8s bonne exp\u00e9rience des premi\u00e8res \u00e9ditions, nous organisons, cette ann\u00e9e 5 sessions de notre stage d&rsquo;\u00e2nier pour adulte. Que vous soyez possesseur d&rsquo;un ou de plusieurs \u00e2ne(s) ou non, curieux de d\u00e9couvrir le monde de l&rsquo;\u00e2ne, d&rsquo;en apprendre un peu plus sur ce merveilleux animal ou simplement de passer du temps avec &hellip; <\/p>\n<p class=\"link-more\"><a href=\"https:\/\/www.animabelge.be\/?page_id=1716\" class=\"more-link\">Continuer la lecture<span class=\"screen-reader-text\"> de &laquo;&nbsp;Stage d&rsquo;\u00e2nier &#8211; l&rsquo;\u00e2ne par la pratique&nbsp;&raquo;<\/span><\/a><\/p>\n","protected":false},"author":1,"featured_media":1730,"parent":0,"menu_order":0,"comment_status":"closed","ping_status":"closed","template":"","meta":{"jetpack_post_was_ever_published":false,"footnotes":""},"class_list":["post-1716","page","type-page","status-publish","has-post-thumbnail","hentry"],"jetpack_sharing_enabled":true,"jetpack_shortlink":"https:\/\/wp.me\/P9DO0T-rG","jetpack_likes_enabled":true,"jetpack-related-posts":[],"_links":{"self":[{"href":"https:\/\/www.animabelge.be\/index.php?rest_route=\/wp\/v2\/pages\/1716","targetHints":{"allow":["GET"]}}],"collection":[{"href":"https:\/\/www.animabelge.be\/index.php?rest_route=\/wp\/v2\/pages"}],"about":[{"href":"https:\/\/www.animabelge.be\/index.php?rest_route=\/wp\/v2\/types\/page"}],"author":[{"embeddable":true,"href":"https:\/\/www.animabelge.be\/index.php?rest_route=\/wp\/v2\/users\/1"}],"replies":[{"embeddable":true,"href":"https:\/\/www.animabelge.be\/index.php?rest_route=%2Fwp%2Fv2%2Fcomments&post=1716"}],"version-history":[{"count":16,"href":"https:\/\/www.animabelge.be\/index.php?rest_route=\/wp\/v2\/pages\/1716\/revisions"}],"predecessor-version":[{"id":1820,"href":"https:\/\/www.animabelge.be\/index.php?rest_route=\/wp\/v2\/pages\/1716\/revisions\/1820"}],"wp:featuredmedia":[{"embeddable":true,"href":"https:\/\/www.animabelge.be\/index.php?rest_route=\/wp\/v2\/media\/1730"}],"wp:attachment":[{"href":"https:\/\/www.animabelge.be\/index.php?rest_route=%2Fwp%2Fv2%2Fmedia&parent=1716"}],"curies":[{"name":"wp","href":"https:\/\/api.w.org\/{rel}","templated":true}]}}

Stage d&rsquo;ânier &#8211; l&rsquo;âne par la pratique

<p>Suite à la très bonne expérience des premières éditions, nous organisons, cette année 5 sessions de notre stage d&rsquo;ânier pour adulte.</p>



<p>Que vous soyez possesseur d&rsquo;un ou de plusieurs âne(s) ou non, curieux de découvrir le monde de l&rsquo;âne, d&rsquo;en apprendre un peu plus sur ce merveilleux animal ou simplement de passer du temps avec eux ; ce stage est fait pour vous !</p>



<p>Depuis très longtemps, l&rsquo;âne est l&rsquo;animal emblématique d&rsquo;Animabelge ASBL.</p>



<p>Christophe Delin côtoie le monde de l&rsquo;âne et en élève depuis plus de 25 ans.</p>



<p>Pendant tout ce temps, il a rencontré de nombreux éleveurs passionnés, parcouru plusieurs régions de France (Berry, Provence) et de Belgique à leur rencontre, a participé à des Foires aux ânes (Lignières, Aux Marais) et divers concours (Libramont).</p>



<p>C&rsquo;est cette expérience qu&rsquo;il se propose de partager avec vous le temps d&rsquo;un week-end. Ce n&rsquo;est pas un cours sur l&rsquo;âne qu&rsquo;il vous propose ; mais une réelle immersion dans le concret de cet animal.</p>



<p>Pendant 2 jours, toujours par la pratique, seront abordées les thématiques suivantes :</p>



<ul class="wp-block-list">
<li>Les races d&rsquo;ânes et leurs intérêts ;</li>



<li>L&rsquo;alimentation de l&rsquo;âne ;</li>



<li>Le comportement de l&rsquo;âne, son éducation ;</li>



<li>L&rsquo;élevage de l&rsquo;âne et ses difficultés ;</li>



<li>Les obligations administratives ;</li>



<li>Les soins à l&rsquo;âne (maladies, vermifuges, entretien des sabots, etc.) ;</li>



<li>Balader avec un âne (préparation, matériel) ;</li>



<li>Randonner avec un âne (bât de portage, préparation à la randonnée) ;</li>



<li>Travailler avec un âne.</li>
</ul>



<p>Cette liste n&rsquo;est pas exhaustive et toutes les thématiques amenées par les futurs stagiaires pourront être abordées.  😉</p>



<p></p>



<h2 class="wp-block-heading">Quand ?</h2>



<ul class="wp-block-list">
<li>Les 16 et 17 mai 2026. </li>



<li>Les 20 et 21 juin 2026</li>



<li>Les 18 et 19 juillet 2026</li>



<li>Les 22 et 23 août 2026</li>



<li>Les 19 et 20 septembre 2026</li>
</ul>



<h2 class="wp-block-heading">Horaire ?</h2>



<p>De 9h00 à 12h00 et 13h00 à 16h00</p>



<h2 class="wp-block-heading">Où ?</h2>



<p>Au moulin de Gentinnes. Rue du moulin, 183 à 1450 Gentinnes (Chastre &#8211; BW).</p>



<h2 class="wp-block-heading">Pour qui ?</h2>



<p>Toute personne intéressée par l&rsquo;âne, qu&rsquo;il soit propriétaire ou non.  🙂</p>



<h2 class="wp-block-heading">Prix ?</h2>



<p>140,00 € pour les deux jours. Chaque participant apporte pique-nique et en-cas. </p>



<h2 class="wp-block-heading">Conseils pratiques :</h2>



<p>Prévoir des vêtements et chaussures adaptés pour la marche et le travail avec les animaux. En fonction de la météo, des bottes peuvent être aussi nécessaires, mais croisons les doigts !!</p>



<h2 class="wp-block-heading">S&rsquo;inscrire :</h2>



<p>L&rsquo;inscription se fait en versant sur le compte <strong>BE68 1030 5856 5234</strong> le prix du stage. En communication, indiquer « Nom + prénom + téléphone ». Vous pouvez également utiliser le <a href="http://www.animabelge.be/?page_id=18" data-type="page" data-id="18" target="_blank" rel="noreferrer noopener">formulaire de contact</a> pour tout renseignement ou pour vous inscrire. Vous pouvez également nous contacter par téléphone au 0473.27.28.76 ou 0476.47.88.56.</p>

<p>Suite à la très bonne expérience des premières éditions, nous organisons, cette année 5 sessions de notre stage d&rsquo;ânier pour adulte. Que vous soyez possesseur d&rsquo;un ou de plusieurs âne(s) ou non, curieux de découvrir le monde de l&rsquo;âne, d&rsquo;en apprendre un peu plus sur ce merveilleux animal ou simplement de passer du temps avec &hellip; </p>
<p class="link-more"><a href="https://www.animabelge.be/?page_id=1716" class="more-link">Continuer la lecture<span class="screen-reader-text"> de &laquo;&nbsp;Stage d&rsquo;ânier &#8211; l&rsquo;âne par la pratique&nbsp;&raquo;</span></a></p>
