{"id":240,"date":"2014-04-10T12:31:24","date_gmt":"2014-04-10T12:31:24","guid":{"rendered":"http:\/\/animabelgeasbl.wordpress.com\/?page_id=240"},"modified":"2018-03-02T16:15:46","modified_gmt":"2018-03-02T15:15:46","slug":"grands-noirs-du-berry","status":"publish","type":"page","link":"https:\/\/www.animabelge.be\/?page_id=240","title":{"rendered":"Grands Noirs du Berry"},"content":{"rendered":"<p><span style=\"text-decoration: underline;\"><strong>\u00c9talons<\/strong><\/span><\/p>\n<p><em><strong>Tonnerre des Bindets: (agr\u00e9\u00e9)<\/strong> <\/em><\/p>\n<p>N\u00e9 le 12\/06\/2007<\/p>\n<p>\u00c9talon agr\u00e9\u00e9 en France \u00e0 la reproduction. Il\u00a0 a \u00e9t\u00e9 class\u00e9 deuxi\u00e8me dans sa cat\u00e9gorie au championnat de France des Grands noirs du Berry.<\/p>\n<p><a href=\"http:\/\/animabelgeasbl.files.wordpress.com\/2012\/09\/p1010136.jpg\"><img data-recalc-dims=\"1\" loading=\"lazy\" decoding=\"async\" class=\"aligncenter\" title=\"P1010136\" src=\"http:\/\/animabelgeasbl.files.wordpress.com\/2012\/09\/p1010136.jpg?resize=525%2C394\" alt=\"\" width=\"525\" height=\"394\" \/><\/a><\/p>\n<p><strong><span style=\"text-decoration: underline;\">Hongres<\/span><\/strong><\/p>\n<p><em><strong>Typhon des Bindets :<\/strong> <\/em>N\u00e9 le 03\/07\/2007<\/p>\n<p><a href=\"https:\/\/animabelgeasbl.wordpress.com\/animaux\/anes\/grands-noirs-du-berry\/p1040884\/\" rel=\"attachment wp-att-484\"><img data-recalc-dims=\"1\" loading=\"lazy\" decoding=\"async\" data-attachment-id=\"484\" data-permalink=\"https:\/\/www.animabelge.be\/?attachment_id=484\" data-orig-file=\"https:\/\/i0.wp.com\/www.animabelge.be\/wp-content\/uploads\/2015\/11\/p1040884.jpg?fit=2560%2C1920&amp;ssl=1\" data-orig-size=\"2560,1920\" data-comments-opened=\"1\" data-image-meta=\"{&quot;aperture&quot;:&quot;2.8&quot;,&quot;credit&quot;:&quot;&quot;,&quot;camera&quot;:&quot;DMC-FS10&quot;,&quot;caption&quot;:&quot;&quot;,&quot;created_timestamp&quot;:&quot;1377625196&quot;,&quot;copyright&quot;:&quot;&quot;,&quot;focal_length&quot;:&quot;5&quot;,&quot;iso&quot;:&quot;400&quot;,&quot;shutter_speed&quot;:&quot;0.25&quot;,&quot;title&quot;:&quot;&quot;,&quot;orientation&quot;:&quot;1&quot;}\" data-image-title=\"P1040884\" data-image-description=\"\" data-image-caption=\"\" data-medium-file=\"https:\/\/i0.wp.com\/www.animabelge.be\/wp-content\/uploads\/2015\/11\/p1040884.jpg?fit=300%2C225&amp;ssl=1\" data-large-file=\"https:\/\/i0.wp.com\/www.animabelge.be\/wp-content\/uploads\/2015\/11\/p1040884.jpg?fit=525%2C394&amp;ssl=1\" class=\"aligncenter size-medium wp-image-484\" src=\"https:\/\/animabelgeasbl.files.wordpress.com\/2014\/04\/p1040884.jpg?w=300&#038;resize=300%2C225\" alt=\"P1040884\" width=\"300\" height=\"225\" \/><\/a><\/p>\n<p><span style=\"text-decoration: underline;\"><strong>\u00c2nesses<\/strong><\/span><\/p>\n<p><em><strong>P\u00e9n\u00e9loppe Van de Hippomaan : (confirm\u00e9e) <\/strong><\/em><\/p>\n<p>N\u00e9e le 01\/01\/2003<\/p>\n<p><a href=\"http:\/\/animabelgeasbl.files.wordpress.com\/2014\/01\/dsc_0251.jpg\"><img data-recalc-dims=\"1\" loading=\"lazy\" decoding=\"async\" data-attachment-id=\"185\" data-permalink=\"https:\/\/www.animabelge.be\/?attachment_id=185\" data-orig-file=\"https:\/\/i0.wp.com\/www.animabelge.be\/wp-content\/uploads\/2014\/01\/dsc_0251.jpg?fit=2592%2C3872&amp;ssl=1\" data-orig-size=\"2592,3872\" data-comments-opened=\"1\" data-image-meta=\"{&quot;aperture&quot;:&quot;9&quot;,&quot;credit&quot;:&quot;&quot;,&quot;camera&quot;:&quot;NIKON D60&quot;,&quot;caption&quot;:&quot;&quot;,&quot;created_timestamp&quot;:&quot;1374930510&quot;,&quot;copyright&quot;:&quot;&quot;,&quot;focal_length&quot;:&quot;58&quot;,&quot;iso&quot;:&quot;100&quot;,&quot;shutter_speed&quot;:&quot;0.005&quot;,&quot;title&quot;:&quot;&quot;,&quot;orientation&quot;:&quot;1&quot;}\" data-image-title=\"DSC_0251\" data-image-description=\"\" data-image-caption=\"\" data-medium-file=\"https:\/\/i0.wp.com\/www.animabelge.be\/wp-content\/uploads\/2014\/01\/dsc_0251.jpg?fit=201%2C300&amp;ssl=1\" data-large-file=\"https:\/\/i0.wp.com\/www.animabelge.be\/wp-content\/uploads\/2014\/01\/dsc_0251.jpg?fit=525%2C785&amp;ssl=1\" class=\"aligncenter size-medium wp-image-185\" src=\"http:\/\/animabelgeasbl.files.wordpress.com\/2014\/01\/dsc_0251.jpg?w=200&#038;resize=200%2C300\" alt=\"DSC_0251\" width=\"200\" height=\"300\" srcset=\"https:\/\/i0.wp.com\/www.animabelge.be\/wp-content\/uploads\/2014\/01\/dsc_0251.jpg?w=2592&amp;ssl=1 2592w, https:\/\/i0.wp.com\/www.animabelge.be\/wp-content\/uploads\/2014\/01\/dsc_0251.jpg?resize=201%2C300&amp;ssl=1 201w, https:\/\/i0.wp.com\/www.animabelge.be\/wp-content\/uploads\/2014\/01\/dsc_0251.jpg?resize=768%2C1147&amp;ssl=1 768w, https:\/\/i0.wp.com\/www.animabelge.be\/wp-content\/uploads\/2014\/01\/dsc_0251.jpg?resize=685%2C1024&amp;ssl=1 685w, https:\/\/i0.wp.com\/www.animabelge.be\/wp-content\/uploads\/2014\/01\/dsc_0251.jpg?w=1050 1050w, https:\/\/i0.wp.com\/www.animabelge.be\/wp-content\/uploads\/2014\/01\/dsc_0251.jpg?w=1575 1575w\" sizes=\"auto, (max-width: 200px) 100vw, 200px\" \/><\/a><\/p>\n<p><em><strong>Solenne des Bindets : (refus\u00e9e)<\/strong> <\/em><\/p>\n<p>N\u00e9e le 05\/06\/2006<\/p>\n<p><a href=\"https:\/\/animabelgeasbl.wordpress.com\/animaux\/anes\/grands-noirs-du-berry\/p1040881\/\" rel=\"attachment wp-att-486\"><img data-recalc-dims=\"1\" loading=\"lazy\" decoding=\"async\" data-attachment-id=\"486\" data-permalink=\"https:\/\/www.animabelge.be\/?attachment_id=486\" data-orig-file=\"https:\/\/i0.wp.com\/www.animabelge.be\/wp-content\/uploads\/2015\/11\/p1040881.jpg?fit=2560%2C1920&amp;ssl=1\" data-orig-size=\"2560,1920\" data-comments-opened=\"1\" data-image-meta=\"{&quot;aperture&quot;:&quot;2.8&quot;,&quot;credit&quot;:&quot;&quot;,&quot;camera&quot;:&quot;DMC-FS10&quot;,&quot;caption&quot;:&quot;&quot;,&quot;created_timestamp&quot;:&quot;1377625102&quot;,&quot;copyright&quot;:&quot;&quot;,&quot;focal_length&quot;:&quot;5&quot;,&quot;iso&quot;:&quot;400&quot;,&quot;shutter_speed&quot;:&quot;0.2&quot;,&quot;title&quot;:&quot;&quot;,&quot;orientation&quot;:&quot;1&quot;}\" data-image-title=\"P1040881\" data-image-description=\"\" data-image-caption=\"\" data-medium-file=\"https:\/\/i0.wp.com\/www.animabelge.be\/wp-content\/uploads\/2015\/11\/p1040881.jpg?fit=300%2C225&amp;ssl=1\" data-large-file=\"https:\/\/i0.wp.com\/www.animabelge.be\/wp-content\/uploads\/2015\/11\/p1040881.jpg?fit=525%2C394&amp;ssl=1\" class=\"aligncenter size-medium wp-image-486\" src=\"https:\/\/animabelgeasbl.files.wordpress.com\/2014\/04\/p1040881.jpg?w=300&#038;resize=300%2C225\" alt=\"P1040881\" width=\"300\" height=\"225\" \/><\/a><\/p>\n<p><em><strong>\u00a0<a href=\"https:\/\/animabelgeasbl.wordpress.com\/animaux\/anes\/dsc_0218\/\" rel=\"attachment wp-att-200\"><img data-recalc-dims=\"1\" loading=\"lazy\" decoding=\"async\" data-attachment-id=\"200\" data-permalink=\"https:\/\/www.animabelge.be\/?attachment_id=200\" data-orig-file=\"https:\/\/i0.wp.com\/www.animabelge.be\/wp-content\/uploads\/2014\/01\/dsc_0218.jpg?fit=3872%2C2592&amp;ssl=1\" data-orig-size=\"3872,2592\" data-comments-opened=\"1\" data-image-meta=\"{&quot;aperture&quot;:&quot;5.6&quot;,&quot;credit&quot;:&quot;&quot;,&quot;camera&quot;:&quot;NIKON D60&quot;,&quot;caption&quot;:&quot;&quot;,&quot;created_timestamp&quot;:&quot;1374930121&quot;,&quot;copyright&quot;:&quot;&quot;,&quot;focal_length&quot;:&quot;92&quot;,&quot;iso&quot;:&quot;200&quot;,&quot;shutter_speed&quot;:&quot;0.002&quot;,&quot;title&quot;:&quot;&quot;,&quot;orientation&quot;:&quot;1&quot;}\" data-image-title=\"DSC_0218\" data-image-description=\"\" data-image-caption=\"\" data-medium-file=\"https:\/\/i0.wp.com\/www.animabelge.be\/wp-content\/uploads\/2014\/01\/dsc_0218.jpg?fit=300%2C201&amp;ssl=1\" data-large-file=\"https:\/\/i0.wp.com\/www.animabelge.be\/wp-content\/uploads\/2014\/01\/dsc_0218.jpg?fit=525%2C351&amp;ssl=1\" class=\"aligncenter size-medium wp-image-200\" src=\"https:\/\/animabelgeasbl.files.wordpress.com\/2012\/09\/dsc_0218.jpg?w=300&#038;resize=300%2C201\" alt=\"DSC_0218\" width=\"300\" height=\"201\" \/><\/a><\/strong><\/em><\/p>\n<p><strong><span style=\"text-decoration: underline;\">Jeunes<\/span><\/strong><\/p>\n<p><strong><em>El\u00e9bore du Hany<\/em><\/strong><\/p>\n<p><a href=\"https:\/\/animabelgeasbl.wordpress.com\/animaux\/anes\/grands-noirs-du-berry\/dscn1867\/\" rel=\"attachment wp-att-479\"><img data-recalc-dims=\"1\" loading=\"lazy\" decoding=\"async\" data-attachment-id=\"479\" data-permalink=\"https:\/\/www.animabelge.be\/?attachment_id=479\" data-orig-file=\"https:\/\/i0.wp.com\/www.animabelge.be\/wp-content\/uploads\/2015\/11\/dscn1867.jpg?fit=5152%2C3864&amp;ssl=1\" data-orig-size=\"5152,3864\" data-comments-opened=\"1\" data-image-meta=\"{&quot;aperture&quot;:&quot;3.7&quot;,&quot;credit&quot;:&quot;&quot;,&quot;camera&quot;:&quot;COOLPIX S3600&quot;,&quot;caption&quot;:&quot;&quot;,&quot;created_timestamp&quot;:&quot;1406825341&quot;,&quot;copyright&quot;:&quot;&quot;,&quot;focal_length&quot;:&quot;4.5&quot;,&quot;iso&quot;:&quot;80&quot;,&quot;shutter_speed&quot;:&quot;0.004&quot;,&quot;title&quot;:&quot;&quot;,&quot;orientation&quot;:&quot;1&quot;}\" data-image-title=\"DSCN1867\" data-image-description=\"\" data-image-caption=\"\" data-medium-file=\"https:\/\/i0.wp.com\/www.animabelge.be\/wp-content\/uploads\/2015\/11\/dscn1867.jpg?fit=300%2C225&amp;ssl=1\" data-large-file=\"https:\/\/i0.wp.com\/www.animabelge.be\/wp-content\/uploads\/2015\/11\/dscn1867.jpg?fit=525%2C394&amp;ssl=1\" class=\"aligncenter size-medium wp-image-479\" src=\"https:\/\/animabelgeasbl.files.wordpress.com\/2014\/04\/dscn1867.jpg?w=300&#038;resize=300%2C225\" alt=\"DSCN1867\" width=\"300\" height=\"225\" \/><\/a><\/p>\n","protected":false},"excerpt":{"rendered":"<p>\u00c9talons Tonnerre des Bindets: (agr\u00e9\u00e9) N\u00e9 le 12\/06\/2007 \u00c9talon agr\u00e9\u00e9 en France \u00e0 la reproduction. Il\u00a0 a \u00e9t\u00e9 class\u00e9 deuxi\u00e8me dans sa cat\u00e9gorie au championnat de France des Grands noirs du Berry. Hongres Typhon des Bindets : N\u00e9 le 03\/07\/2007 \u00c2nesses P\u00e9n\u00e9loppe Van de Hippomaan : (confirm\u00e9e) N\u00e9e le 01\/01\/2003 Solenne des Bindets : (refus\u00e9e) &hellip; <\/p>\n<p class=\"link-more\"><a href=\"https:\/\/www.animabelge.be\/?page_id=240\" class=\"more-link\">Continuer la lecture<span class=\"screen-reader-text\"> de &laquo;&nbsp;Grands Noirs du Berry&nbsp;&raquo;<\/span><\/a><\/p>\n","protected":false},"author":2,"featured_media":0,"parent":963,"menu_order":0,"comment_status":"open","ping_status":"open","template":"","meta":{"jetpack_post_was_ever_published":false,"footnotes":""},"class_list":["post-240","page","type-page","status-publish","hentry"],"jetpack_sharing_enabled":true,"jetpack_shortlink":"https:\/\/wp.me\/P9DO0T-3S","jetpack_likes_enabled":true,"jetpack-related-posts":[],"_links":{"self":[{"href":"https:\/\/www.animabelge.be\/index.php?rest_route=\/wp\/v2\/pages\/240","targetHints":{"allow":["GET"]}}],"collection":[{"href":"https:\/\/www.animabelge.be\/index.php?rest_route=\/wp\/v2\/pages"}],"about":[{"href":"https:\/\/www.animabelge.be\/index.php?rest_route=\/wp\/v2\/types\/page"}],"author":[{"embeddable":true,"href":"https:\/\/www.animabelge.be\/index.php?rest_route=\/wp\/v2\/users\/2"}],"replies":[{"embeddable":true,"href":"https:\/\/www.animabelge.be\/index.php?rest_route=%2Fwp%2Fv2%2Fcomments&post=240"}],"version-history":[{"count":2,"href":"https:\/\/www.animabelge.be\/index.php?rest_route=\/wp\/v2\/pages\/240\/revisions"}],"predecessor-version":[{"id":1054,"href":"https:\/\/www.animabelge.be\/index.php?rest_route=\/wp\/v2\/pages\/240\/revisions\/1054"}],"up":[{"embeddable":true,"href":"https:\/\/www.animabelge.be\/index.php?rest_route=\/wp\/v2\/pages\/963"}],"wp:attachment":[{"href":"https:\/\/www.animabelge.be\/index.php?rest_route=%2Fwp%2Fv2%2Fmedia&parent=240"}],"curies":[{"name":"wp","href":"https:\/\/api.w.org\/{rel}","templated":true}]}}

<p><span style="text-decoration: underline;"><strong>Étalons</strong></span></p>
<p><em><strong>Tonnerre des Bindets: (agréé)</strong> </em></p>
<p>Né le 12/06/2007</p>
<p>Étalon agréé en France à la reproduction. Il  a été classé deuxième dans sa catégorie au championnat de France des Grands noirs du Berry.</p>
<p><a href="http://animabelgeasbl.files.wordpress.com/2012/09/p1010136.jpg"><img data-recalc-dims="1" loading="lazy" decoding="async" class="aligncenter" title="P1010136" src="http://animabelgeasbl.files.wordpress.com/2012/09/p1010136.jpg?resize=525%2C394" alt="" width="525" height="394" /></a></p>
<p><strong><span style="text-decoration: underline;">Hongres</span></strong></p>
<p><em><strong>Typhon des Bindets :</strong> </em>Né le 03/07/2007</p>
<p><a href="https://animabelgeasbl.wordpress.com/animaux/anes/grands-noirs-du-berry/p1040884/" rel="attachment wp-att-484"><img data-recalc-dims="1" loading="lazy" decoding="async" data-attachment-id="484" data-permalink="https://www.animabelge.be/?attachment_id=484" data-orig-file="https://i0.wp.com/www.animabelge.be/wp-content/uploads/2015/11/p1040884.jpg?fit=2560%2C1920&amp;ssl=1" data-orig-size="2560,1920" data-comments-opened="1" data-image-meta="{&quot;aperture&quot;:&quot;2.8&quot;,&quot;credit&quot;:&quot;&quot;,&quot;camera&quot;:&quot;DMC-FS10&quot;,&quot;caption&quot;:&quot;&quot;,&quot;created_timestamp&quot;:&quot;1377625196&quot;,&quot;copyright&quot;:&quot;&quot;,&quot;focal_length&quot;:&quot;5&quot;,&quot;iso&quot;:&quot;400&quot;,&quot;shutter_speed&quot;:&quot;0.25&quot;,&quot;title&quot;:&quot;&quot;,&quot;orientation&quot;:&quot;1&quot;}" data-image-title="P1040884" data-image-description="" data-image-caption="" data-medium-file="https://i0.wp.com/www.animabelge.be/wp-content/uploads/2015/11/p1040884.jpg?fit=300%2C225&amp;ssl=1" data-large-file="https://i0.wp.com/www.animabelge.be/wp-content/uploads/2015/11/p1040884.jpg?fit=525%2C394&amp;ssl=1" class="aligncenter size-medium wp-image-484" src="https://animabelgeasbl.files.wordpress.com/2014/04/p1040884.jpg?w=300&#038;resize=300%2C225" alt="P1040884" width="300" height="225" /></a></p>
<p><span style="text-decoration: underline;"><strong>Ânesses</strong></span></p>
<p><em><strong>Pénéloppe Van de Hippomaan : (confirmée) </strong></em></p>
<p>Née le 01/01/2003</p>
<p><a href="http://animabelgeasbl.files.wordpress.com/2014/01/dsc_0251.jpg"><img data-recalc-dims="1" loading="lazy" decoding="async" data-attachment-id="185" data-permalink="https://www.animabelge.be/?attachment_id=185" data-orig-file="https://i0.wp.com/www.animabelge.be/wp-content/uploads/2014/01/dsc_0251.jpg?fit=2592%2C3872&amp;ssl=1" data-orig-size="2592,3872" data-comments-opened="1" data-image-meta="{&quot;aperture&quot;:&quot;9&quot;,&quot;credit&quot;:&quot;&quot;,&quot;camera&quot;:&quot;NIKON D60&quot;,&quot;caption&quot;:&quot;&quot;,&quot;created_timestamp&quot;:&quot;1374930510&quot;,&quot;copyright&quot;:&quot;&quot;,&quot;focal_length&quot;:&quot;58&quot;,&quot;iso&quot;:&quot;100&quot;,&quot;shutter_speed&quot;:&quot;0.005&quot;,&quot;title&quot;:&quot;&quot;,&quot;orientation&quot;:&quot;1&quot;}" data-image-title="DSC_0251" data-image-description="" data-image-caption="" data-medium-file="https://i0.wp.com/www.animabelge.be/wp-content/uploads/2014/01/dsc_0251.jpg?fit=201%2C300&amp;ssl=1" data-large-file="https://i0.wp.com/www.animabelge.be/wp-content/uploads/2014/01/dsc_0251.jpg?fit=525%2C785&amp;ssl=1" class="aligncenter size-medium wp-image-185" src="http://animabelgeasbl.files.wordpress.com/2014/01/dsc_0251.jpg?w=200&#038;resize=200%2C300" alt="DSC_0251" width="200" height="300" srcset="https://i0.wp.com/www.animabelge.be/wp-content/uploads/2014/01/dsc_0251.jpg?w=2592&amp;ssl=1 2592w, https://i0.wp.com/www.animabelge.be/wp-content/uploads/2014/01/dsc_0251.jpg?resize=201%2C300&amp;ssl=1 201w, https://i0.wp.com/www.animabelge.be/wp-content/uploads/2014/01/dsc_0251.jpg?resize=768%2C1147&amp;ssl=1 768w, https://i0.wp.com/www.animabelge.be/wp-content/uploads/2014/01/dsc_0251.jpg?resize=685%2C1024&amp;ssl=1 685w, https://i0.wp.com/www.animabelge.be/wp-content/uploads/2014/01/dsc_0251.jpg?w=1050 1050w, https://i0.wp.com/www.animabelge.be/wp-content/uploads/2014/01/dsc_0251.jpg?w=1575 1575w" sizes="auto, (max-width: 200px) 100vw, 200px" /></a></p>
<p><em><strong>Solenne des Bindets : (refusée)</strong> </em></p>
<p>Née le 05/06/2006</p>
<p><a href="https://animabelgeasbl.wordpress.com/animaux/anes/grands-noirs-du-berry/p1040881/" rel="attachment wp-att-486"><img data-recalc-dims="1" loading="lazy" decoding="async" data-attachment-id="486" data-permalink="https://www.animabelge.be/?attachment_id=486" data-orig-file="https://i0.wp.com/www.animabelge.be/wp-content/uploads/2015/11/p1040881.jpg?fit=2560%2C1920&amp;ssl=1" data-orig-size="2560,1920" data-comments-opened="1" data-image-meta="{&quot;aperture&quot;:&quot;2.8&quot;,&quot;credit&quot;:&quot;&quot;,&quot;camera&quot;:&quot;DMC-FS10&quot;,&quot;caption&quot;:&quot;&quot;,&quot;created_timestamp&quot;:&quot;1377625102&quot;,&quot;copyright&quot;:&quot;&quot;,&quot;focal_length&quot;:&quot;5&quot;,&quot;iso&quot;:&quot;400&quot;,&quot;shutter_speed&quot;:&quot;0.2&quot;,&quot;title&quot;:&quot;&quot;,&quot;orientation&quot;:&quot;1&quot;}" data-image-title="P1040881" data-image-description="" data-image-caption="" data-medium-file="https://i0.wp.com/www.animabelge.be/wp-content/uploads/2015/11/p1040881.jpg?fit=300%2C225&amp;ssl=1" data-large-file="https://i0.wp.com/www.animabelge.be/wp-content/uploads/2015/11/p1040881.jpg?fit=525%2C394&amp;ssl=1" class="aligncenter size-medium wp-image-486" src="https://animabelgeasbl.files.wordpress.com/2014/04/p1040881.jpg?w=300&#038;resize=300%2C225" alt="P1040881" width="300" height="225" /></a></p>
<p><em><strong> <a href="https://animabelgeasbl.wordpress.com/animaux/anes/dsc_0218/" rel="attachment wp-att-200"><img data-recalc-dims="1" loading="lazy" decoding="async" data-attachment-id="200" data-permalink="https://www.animabelge.be/?attachment_id=200" data-orig-file="https://i0.wp.com/www.animabelge.be/wp-content/uploads/2014/01/dsc_0218.jpg?fit=3872%2C2592&amp;ssl=1" data-orig-size="3872,2592" data-comments-opened="1" data-image-meta="{&quot;aperture&quot;:&quot;5.6&quot;,&quot;credit&quot;:&quot;&quot;,&quot;camera&quot;:&quot;NIKON D60&quot;,&quot;caption&quot;:&quot;&quot;,&quot;created_timestamp&quot;:&quot;1374930121&quot;,&quot;copyright&quot;:&quot;&quot;,&quot;focal_length&quot;:&quot;92&quot;,&quot;iso&quot;:&quot;200&quot;,&quot;shutter_speed&quot;:&quot;0.002&quot;,&quot;title&quot;:&quot;&quot;,&quot;orientation&quot;:&quot;1&quot;}" data-image-title="DSC_0218" data-image-description="" data-image-caption="" data-medium-file="https://i0.wp.com/www.animabelge.be/wp-content/uploads/2014/01/dsc_0218.jpg?fit=300%2C201&amp;ssl=1" data-large-file="https://i0.wp.com/www.animabelge.be/wp-content/uploads/2014/01/dsc_0218.jpg?fit=525%2C351&amp;ssl=1" class="aligncenter size-medium wp-image-200" src="https://animabelgeasbl.files.wordpress.com/2012/09/dsc_0218.jpg?w=300&#038;resize=300%2C201" alt="DSC_0218" width="300" height="201" /></a></strong></em></p>
<p><strong><span style="text-decoration: underline;">Jeunes</span></strong></p>
<p><strong><em>Elébore du Hany</em></strong></p>
<p><a href="https://animabelgeasbl.wordpress.com/animaux/anes/grands-noirs-du-berry/dscn1867/" rel="attachment wp-att-479"><img data-recalc-dims="1" loading="lazy" decoding="async" data-attachment-id="479" data-permalink="https://www.animabelge.be/?attachment_id=479" data-orig-file="https://i0.wp.com/www.animabelge.be/wp-content/uploads/2015/11/dscn1867.jpg?fit=5152%2C3864&amp;ssl=1" data-orig-size="5152,3864" data-comments-opened="1" data-image-meta="{&quot;aperture&quot;:&quot;3.7&quot;,&quot;credit&quot;:&quot;&quot;,&quot;camera&quot;:&quot;COOLPIX S3600&quot;,&quot;caption&quot;:&quot;&quot;,&quot;created_timestamp&quot;:&quot;1406825341&quot;,&quot;copyright&quot;:&quot;&quot;,&quot;focal_length&quot;:&quot;4.5&quot;,&quot;iso&quot;:&quot;80&quot;,&quot;shutter_speed&quot;:&quot;0.004&quot;,&quot;title&quot;:&quot;&quot;,&quot;orientation&quot;:&quot;1&quot;}" data-image-title="DSCN1867" data-image-description="" data-image-caption="" data-medium-file="https://i0.wp.com/www.animabelge.be/wp-content/uploads/2015/11/dscn1867.jpg?fit=300%2C225&amp;ssl=1" data-large-file="https://i0.wp.com/www.animabelge.be/wp-content/uploads/2015/11/dscn1867.jpg?fit=525%2C394&amp;ssl=1" class="aligncenter size-medium wp-image-479" src="https://animabelgeasbl.files.wordpress.com/2014/04/dscn1867.jpg?w=300&#038;resize=300%2C225" alt="DSCN1867" width="300" height="225" /></a></p>

<p>Étalons Tonnerre des Bindets: (agréé) Né le 12/06/2007 Étalon agréé en France à la reproduction. Il  a été classé deuxième dans sa catégorie au championnat de France des Grands noirs du Berry. Hongres Typhon des Bindets : Né le 03/07/2007 Ânesses Pénéloppe Van de Hippomaan : (confirmée) Née le 01/01/2003 Solenne des Bindets : (refusée) &hellip; </p>
<p class="link-more"><a href="https://www.animabelge.be/?page_id=240" class="more-link">Continuer la lecture<span class="screen-reader-text"> de &laquo;&nbsp;Grands Noirs du Berry&nbsp;&raquo;</span></a></p>
