{"id":244,"date":"2014-04-10T12:36:11","date_gmt":"2014-04-10T12:36:11","guid":{"rendered":"http:\/\/animabelgeasbl.wordpress.com\/?page_id=244"},"modified":"2018-03-02T16:17:59","modified_gmt":"2018-03-02T15:17:59","slug":"provence","status":"publish","type":"page","link":"https:\/\/www.animabelge.be\/?page_id=244","title":{"rendered":"Provence"},"content":{"rendered":"<p><span style=\"text-decoration: underline;\"><strong>\u00c9talons<\/strong><\/span><\/p>\n<p><strong><em>Titoan du Colombier : (agr\u00e9\u00e9)\u00a0<\/em> <\/strong><\/p>\n<p>N\u00e9 le 23\/05\/2007<\/p>\n<p><a href=\"http:\/\/animabelgeasbl.wordpress.com\/animaux\/anes\/p1020402\/\" rel=\"attachment wp-att-126\"><img data-recalc-dims=\"1\" loading=\"lazy\" decoding=\"async\" data-attachment-id=\"126\" data-permalink=\"https:\/\/www.animabelge.be\/?attachment_id=126\" data-orig-file=\"https:\/\/i0.wp.com\/www.animabelge.be\/wp-content\/uploads\/2012\/12\/p1020402.jpg?fit=820%2C615&amp;ssl=1\" data-orig-size=\"820,615\" data-comments-opened=\"1\" data-image-meta=\"{&quot;aperture&quot;:&quot;4.7&quot;,&quot;credit&quot;:&quot;&quot;,&quot;camera&quot;:&quot;DMC-FS10&quot;,&quot;caption&quot;:&quot;&quot;,&quot;created_timestamp&quot;:&quot;1345192485&quot;,&quot;copyright&quot;:&quot;&quot;,&quot;focal_length&quot;:&quot;13.7&quot;,&quot;iso&quot;:&quot;80&quot;,&quot;shutter_speed&quot;:&quot;0.0025&quot;,&quot;title&quot;:&quot;&quot;,&quot;orientation&quot;:&quot;1&quot;}\" data-image-title=\"P1020402\" data-image-description=\"\" data-image-caption=\"\" data-medium-file=\"https:\/\/i0.wp.com\/www.animabelge.be\/wp-content\/uploads\/2012\/12\/p1020402.jpg?fit=300%2C225&amp;ssl=1\" data-large-file=\"https:\/\/i0.wp.com\/www.animabelge.be\/wp-content\/uploads\/2012\/12\/p1020402.jpg?fit=525%2C394&amp;ssl=1\" class=\"aligncenter size-medium wp-image-126\" src=\"http:\/\/animabelgeasbl.files.wordpress.com\/2012\/09\/p1020402.jpg?w=300&#038;resize=300%2C225\" alt=\"P1020402\" width=\"300\" height=\"225\" \/><\/a><\/p>\n<p><span style=\"text-decoration: underline;\"><strong>\u00c2nesses<\/strong><\/span><\/p>\n<p><strong>Syrha du Toison ( confirm\u00e9e)<\/strong><\/p>\n<p><strong>Tosca (non confirm\u00e9e)<\/strong><\/p>\n<p><a href=\"https:\/\/animabelgeasbl.wordpress.com\/animaux\/anes\/provence\/dscn1908\/\" rel=\"attachment wp-att-477\"><img data-recalc-dims=\"1\" loading=\"lazy\" decoding=\"async\" data-attachment-id=\"477\" data-permalink=\"https:\/\/www.animabelge.be\/?attachment_id=477\" data-orig-file=\"https:\/\/i0.wp.com\/www.animabelge.be\/wp-content\/uploads\/2015\/11\/dscn1908.jpg?fit=5152%2C3864&amp;ssl=1\" data-orig-size=\"5152,3864\" data-comments-opened=\"1\" data-image-meta=\"{&quot;aperture&quot;:&quot;3.7&quot;,&quot;credit&quot;:&quot;&quot;,&quot;camera&quot;:&quot;COOLPIX S3600&quot;,&quot;caption&quot;:&quot;&quot;,&quot;created_timestamp&quot;:&quot;1406828352&quot;,&quot;copyright&quot;:&quot;&quot;,&quot;focal_length&quot;:&quot;4.5&quot;,&quot;iso&quot;:&quot;80&quot;,&quot;shutter_speed&quot;:&quot;0.0015625&quot;,&quot;title&quot;:&quot;&quot;,&quot;orientation&quot;:&quot;1&quot;}\" data-image-title=\"DSCN1908\" data-image-description=\"\" data-image-caption=\"\" data-medium-file=\"https:\/\/i0.wp.com\/www.animabelge.be\/wp-content\/uploads\/2015\/11\/dscn1908.jpg?fit=300%2C225&amp;ssl=1\" data-large-file=\"https:\/\/i0.wp.com\/www.animabelge.be\/wp-content\/uploads\/2015\/11\/dscn1908.jpg?fit=525%2C394&amp;ssl=1\" class=\"aligncenter size-medium wp-image-477\" src=\"https:\/\/animabelgeasbl.files.wordpress.com\/2014\/04\/dscn1908.jpg?w=300&#038;resize=300%2C225\" alt=\"DSCN1908\" width=\"300\" height=\"225\" \/><\/a><\/p>\n<p><strong>Armonie 2 (confirm\u00e9e)<\/strong><\/p>\n<p><a href=\"https:\/\/animabelgeasbl.wordpress.com\/animaux\/anes\/provence\/2010_armonie_manon_5\/\" rel=\"attachment wp-att-493\"><img data-recalc-dims=\"1\" loading=\"lazy\" decoding=\"async\" data-attachment-id=\"493\" data-permalink=\"https:\/\/www.animabelge.be\/?attachment_id=493\" data-orig-file=\"https:\/\/i0.wp.com\/www.animabelge.be\/wp-content\/uploads\/2015\/11\/2010_armonie_manon_5.jpg?fit=2592%2C1944&amp;ssl=1\" data-orig-size=\"2592,1944\" data-comments-opened=\"1\" data-image-meta=\"{&quot;aperture&quot;:&quot;2.8&quot;,&quot;credit&quot;:&quot;&quot;,&quot;camera&quot;:&quot;Canon DIGITAL IXUS 50&quot;,&quot;caption&quot;:&quot;&quot;,&quot;created_timestamp&quot;:&quot;1280421849&quot;,&quot;copyright&quot;:&quot;&quot;,&quot;focal_length&quot;:&quot;5.8&quot;,&quot;iso&quot;:&quot;0&quot;,&quot;shutter_speed&quot;:&quot;0.005&quot;,&quot;title&quot;:&quot;&quot;,&quot;orientation&quot;:&quot;1&quot;}\" data-image-title=\"2010_armonie_manon_5\" data-image-description=\"\" data-image-caption=\"\" data-medium-file=\"https:\/\/i0.wp.com\/www.animabelge.be\/wp-content\/uploads\/2015\/11\/2010_armonie_manon_5.jpg?fit=300%2C225&amp;ssl=1\" data-large-file=\"https:\/\/i0.wp.com\/www.animabelge.be\/wp-content\/uploads\/2015\/11\/2010_armonie_manon_5.jpg?fit=525%2C394&amp;ssl=1\" class=\"aligncenter size-medium wp-image-493\" src=\"https:\/\/animabelgeasbl.files.wordpress.com\/2014\/04\/2010_armonie_manon_5.jpg?w=300&#038;resize=300%2C225\" alt=\"2010_armonie_manon_5\" width=\"300\" height=\"225\" \/><\/a><\/p>\n<p>&nbsp;<\/p>\n<p><a href=\"https:\/\/animabelgeasbl.wordpress.com\/animaux\/anes\/provence\/p1040138-2\/\" rel=\"attachment wp-att-494\"><img data-recalc-dims=\"1\" loading=\"lazy\" decoding=\"async\" data-attachment-id=\"494\" data-permalink=\"https:\/\/www.animabelge.be\/?attachment_id=494\" data-orig-file=\"https:\/\/i0.wp.com\/www.animabelge.be\/wp-content\/uploads\/2015\/11\/p1040138.jpg?fit=2560%2C1920&amp;ssl=1\" data-orig-size=\"2560,1920\" data-comments-opened=\"1\" data-image-meta=\"{&quot;aperture&quot;:&quot;2.8&quot;,&quot;credit&quot;:&quot;&quot;,&quot;camera&quot;:&quot;DMC-FS10&quot;,&quot;caption&quot;:&quot;&quot;,&quot;created_timestamp&quot;:&quot;1374240910&quot;,&quot;copyright&quot;:&quot;&quot;,&quot;focal_length&quot;:&quot;5&quot;,&quot;iso&quot;:&quot;80&quot;,&quot;shutter_speed&quot;:&quot;0.0125&quot;,&quot;title&quot;:&quot;&quot;,&quot;orientation&quot;:&quot;1&quot;}\" data-image-title=\"P1040138\" data-image-description=\"\" data-image-caption=\"\" data-medium-file=\"https:\/\/i0.wp.com\/www.animabelge.be\/wp-content\/uploads\/2015\/11\/p1040138.jpg?fit=300%2C225&amp;ssl=1\" data-large-file=\"https:\/\/i0.wp.com\/www.animabelge.be\/wp-content\/uploads\/2015\/11\/p1040138.jpg?fit=525%2C394&amp;ssl=1\" class=\"aligncenter size-medium wp-image-494\" src=\"https:\/\/animabelgeasbl.files.wordpress.com\/2014\/04\/p1040138.jpg?w=300&#038;resize=300%2C225\" alt=\"P1040138\" width=\"300\" height=\"225\" \/><\/a><\/p>\n<p><strong>Valentine van de Hippomaan (non confirm\u00e9e)<\/strong><\/p>\n<p>&nbsp;<\/p>\n<p><a href=\"https:\/\/animabelgeasbl.wordpress.com\/animaux\/anes\/provence\/p1060691\/\" rel=\"attachment wp-att-495\"><img data-recalc-dims=\"1\" loading=\"lazy\" decoding=\"async\" data-attachment-id=\"495\" data-permalink=\"https:\/\/www.animabelge.be\/?attachment_id=495\" data-orig-file=\"https:\/\/i0.wp.com\/www.animabelge.be\/wp-content\/uploads\/2015\/11\/p1060691.jpg?fit=2560%2C1920&amp;ssl=1\" data-orig-size=\"2560,1920\" data-comments-opened=\"1\" data-image-meta=\"{&quot;aperture&quot;:&quot;2.8&quot;,&quot;credit&quot;:&quot;&quot;,&quot;camera&quot;:&quot;DMC-FS10&quot;,&quot;caption&quot;:&quot;&quot;,&quot;created_timestamp&quot;:&quot;1398188985&quot;,&quot;copyright&quot;:&quot;&quot;,&quot;focal_length&quot;:&quot;5&quot;,&quot;iso&quot;:&quot;800&quot;,&quot;shutter_speed&quot;:&quot;0.033333333333333&quot;,&quot;title&quot;:&quot;&quot;,&quot;orientation&quot;:&quot;1&quot;}\" data-image-title=\"P1060691\" data-image-description=\"\" data-image-caption=\"\" data-medium-file=\"https:\/\/i0.wp.com\/www.animabelge.be\/wp-content\/uploads\/2015\/11\/p1060691.jpg?fit=300%2C225&amp;ssl=1\" data-large-file=\"https:\/\/i0.wp.com\/www.animabelge.be\/wp-content\/uploads\/2015\/11\/p1060691.jpg?fit=525%2C394&amp;ssl=1\" class=\"aligncenter wp-image-495\" src=\"https:\/\/animabelgeasbl.files.wordpress.com\/2014\/04\/p1060691.jpg?w=300&#038;resize=525%2C394\" alt=\"P1060691\" width=\"525\" height=\"394\" \/><\/a><\/p>\n<p>&nbsp;<\/p>\n","protected":false},"excerpt":{"rendered":"<p>\u00c9talons Titoan du Colombier : (agr\u00e9\u00e9)\u00a0 N\u00e9 le 23\/05\/2007 \u00c2nesses Syrha du Toison ( confirm\u00e9e) Tosca (non confirm\u00e9e) Armonie 2 (confirm\u00e9e) &nbsp; Valentine van de Hippomaan (non confirm\u00e9e) &nbsp; &nbsp;<\/p>\n","protected":false},"author":2,"featured_media":0,"parent":963,"menu_order":0,"comment_status":"open","ping_status":"open","template":"","meta":{"jetpack_post_was_ever_published":false,"footnotes":""},"class_list":["post-244","page","type-page","status-publish","hentry"],"jetpack_sharing_enabled":true,"jetpack_shortlink":"https:\/\/wp.me\/P9DO0T-3W","jetpack_likes_enabled":true,"jetpack-related-posts":[],"_links":{"self":[{"href":"https:\/\/www.animabelge.be\/index.php?rest_route=\/wp\/v2\/pages\/244","targetHints":{"allow":["GET"]}}],"collection":[{"href":"https:\/\/www.animabelge.be\/index.php?rest_route=\/wp\/v2\/pages"}],"about":[{"href":"https:\/\/www.animabelge.be\/index.php?rest_route=\/wp\/v2\/types\/page"}],"author":[{"embeddable":true,"href":"https:\/\/www.animabelge.be\/index.php?rest_route=\/wp\/v2\/users\/2"}],"replies":[{"embeddable":true,"href":"https:\/\/www.animabelge.be\/index.php?rest_route=%2Fwp%2Fv2%2Fcomments&post=244"}],"version-history":[{"count":2,"href":"https:\/\/www.animabelge.be\/index.php?rest_route=\/wp\/v2\/pages\/244\/revisions"}],"predecessor-version":[{"id":1056,"href":"https:\/\/www.animabelge.be\/index.php?rest_route=\/wp\/v2\/pages\/244\/revisions\/1056"}],"up":[{"embeddable":true,"href":"https:\/\/www.animabelge.be\/index.php?rest_route=\/wp\/v2\/pages\/963"}],"wp:attachment":[{"href":"https:\/\/www.animabelge.be\/index.php?rest_route=%2Fwp%2Fv2%2Fmedia&parent=244"}],"curies":[{"name":"wp","href":"https:\/\/api.w.org\/{rel}","templated":true}]}}

<p><span style="text-decoration: underline;"><strong>Étalons</strong></span></p>
<p><strong><em>Titoan du Colombier : (agréé) </em> </strong></p>
<p>Né le 23/05/2007</p>
<p><a href="http://animabelgeasbl.wordpress.com/animaux/anes/p1020402/" rel="attachment wp-att-126"><img data-recalc-dims="1" loading="lazy" decoding="async" data-attachment-id="126" data-permalink="https://www.animabelge.be/?attachment_id=126" data-orig-file="https://i0.wp.com/www.animabelge.be/wp-content/uploads/2012/12/p1020402.jpg?fit=820%2C615&amp;ssl=1" data-orig-size="820,615" data-comments-opened="1" data-image-meta="{&quot;aperture&quot;:&quot;4.7&quot;,&quot;credit&quot;:&quot;&quot;,&quot;camera&quot;:&quot;DMC-FS10&quot;,&quot;caption&quot;:&quot;&quot;,&quot;created_timestamp&quot;:&quot;1345192485&quot;,&quot;copyright&quot;:&quot;&quot;,&quot;focal_length&quot;:&quot;13.7&quot;,&quot;iso&quot;:&quot;80&quot;,&quot;shutter_speed&quot;:&quot;0.0025&quot;,&quot;title&quot;:&quot;&quot;,&quot;orientation&quot;:&quot;1&quot;}" data-image-title="P1020402" data-image-description="" data-image-caption="" data-medium-file="https://i0.wp.com/www.animabelge.be/wp-content/uploads/2012/12/p1020402.jpg?fit=300%2C225&amp;ssl=1" data-large-file="https://i0.wp.com/www.animabelge.be/wp-content/uploads/2012/12/p1020402.jpg?fit=525%2C394&amp;ssl=1" class="aligncenter size-medium wp-image-126" src="http://animabelgeasbl.files.wordpress.com/2012/09/p1020402.jpg?w=300&#038;resize=300%2C225" alt="P1020402" width="300" height="225" /></a></p>
<p><span style="text-decoration: underline;"><strong>Ânesses</strong></span></p>
<p><strong>Syrha du Toison ( confirmée)</strong></p>
<p><strong>Tosca (non confirmée)</strong></p>
<p><a href="https://animabelgeasbl.wordpress.com/animaux/anes/provence/dscn1908/" rel="attachment wp-att-477"><img data-recalc-dims="1" loading="lazy" decoding="async" data-attachment-id="477" data-permalink="https://www.animabelge.be/?attachment_id=477" data-orig-file="https://i0.wp.com/www.animabelge.be/wp-content/uploads/2015/11/dscn1908.jpg?fit=5152%2C3864&amp;ssl=1" data-orig-size="5152,3864" data-comments-opened="1" data-image-meta="{&quot;aperture&quot;:&quot;3.7&quot;,&quot;credit&quot;:&quot;&quot;,&quot;camera&quot;:&quot;COOLPIX S3600&quot;,&quot;caption&quot;:&quot;&quot;,&quot;created_timestamp&quot;:&quot;1406828352&quot;,&quot;copyright&quot;:&quot;&quot;,&quot;focal_length&quot;:&quot;4.5&quot;,&quot;iso&quot;:&quot;80&quot;,&quot;shutter_speed&quot;:&quot;0.0015625&quot;,&quot;title&quot;:&quot;&quot;,&quot;orientation&quot;:&quot;1&quot;}" data-image-title="DSCN1908" data-image-description="" data-image-caption="" data-medium-file="https://i0.wp.com/www.animabelge.be/wp-content/uploads/2015/11/dscn1908.jpg?fit=300%2C225&amp;ssl=1" data-large-file="https://i0.wp.com/www.animabelge.be/wp-content/uploads/2015/11/dscn1908.jpg?fit=525%2C394&amp;ssl=1" class="aligncenter size-medium wp-image-477" src="https://animabelgeasbl.files.wordpress.com/2014/04/dscn1908.jpg?w=300&#038;resize=300%2C225" alt="DSCN1908" width="300" height="225" /></a></p>
<p><strong>Armonie 2 (confirmée)</strong></p>
<p><a href="https://animabelgeasbl.wordpress.com/animaux/anes/provence/2010_armonie_manon_5/" rel="attachment wp-att-493"><img data-recalc-dims="1" loading="lazy" decoding="async" data-attachment-id="493" data-permalink="https://www.animabelge.be/?attachment_id=493" data-orig-file="https://i0.wp.com/www.animabelge.be/wp-content/uploads/2015/11/2010_armonie_manon_5.jpg?fit=2592%2C1944&amp;ssl=1" data-orig-size="2592,1944" data-comments-opened="1" data-image-meta="{&quot;aperture&quot;:&quot;2.8&quot;,&quot;credit&quot;:&quot;&quot;,&quot;camera&quot;:&quot;Canon DIGITAL IXUS 50&quot;,&quot;caption&quot;:&quot;&quot;,&quot;created_timestamp&quot;:&quot;1280421849&quot;,&quot;copyright&quot;:&quot;&quot;,&quot;focal_length&quot;:&quot;5.8&quot;,&quot;iso&quot;:&quot;0&quot;,&quot;shutter_speed&quot;:&quot;0.005&quot;,&quot;title&quot;:&quot;&quot;,&quot;orientation&quot;:&quot;1&quot;}" data-image-title="2010_armonie_manon_5" data-image-description="" data-image-caption="" data-medium-file="https://i0.wp.com/www.animabelge.be/wp-content/uploads/2015/11/2010_armonie_manon_5.jpg?fit=300%2C225&amp;ssl=1" data-large-file="https://i0.wp.com/www.animabelge.be/wp-content/uploads/2015/11/2010_armonie_manon_5.jpg?fit=525%2C394&amp;ssl=1" class="aligncenter size-medium wp-image-493" src="https://animabelgeasbl.files.wordpress.com/2014/04/2010_armonie_manon_5.jpg?w=300&#038;resize=300%2C225" alt="2010_armonie_manon_5" width="300" height="225" /></a></p>
<p>&nbsp;</p>
<p><a href="https://animabelgeasbl.wordpress.com/animaux/anes/provence/p1040138-2/" rel="attachment wp-att-494"><img data-recalc-dims="1" loading="lazy" decoding="async" data-attachment-id="494" data-permalink="https://www.animabelge.be/?attachment_id=494" data-orig-file="https://i0.wp.com/www.animabelge.be/wp-content/uploads/2015/11/p1040138.jpg?fit=2560%2C1920&amp;ssl=1" data-orig-size="2560,1920" data-comments-opened="1" data-image-meta="{&quot;aperture&quot;:&quot;2.8&quot;,&quot;credit&quot;:&quot;&quot;,&quot;camera&quot;:&quot;DMC-FS10&quot;,&quot;caption&quot;:&quot;&quot;,&quot;created_timestamp&quot;:&quot;1374240910&quot;,&quot;copyright&quot;:&quot;&quot;,&quot;focal_length&quot;:&quot;5&quot;,&quot;iso&quot;:&quot;80&quot;,&quot;shutter_speed&quot;:&quot;0.0125&quot;,&quot;title&quot;:&quot;&quot;,&quot;orientation&quot;:&quot;1&quot;}" data-image-title="P1040138" data-image-description="" data-image-caption="" data-medium-file="https://i0.wp.com/www.animabelge.be/wp-content/uploads/2015/11/p1040138.jpg?fit=300%2C225&amp;ssl=1" data-large-file="https://i0.wp.com/www.animabelge.be/wp-content/uploads/2015/11/p1040138.jpg?fit=525%2C394&amp;ssl=1" class="aligncenter size-medium wp-image-494" src="https://animabelgeasbl.files.wordpress.com/2014/04/p1040138.jpg?w=300&#038;resize=300%2C225" alt="P1040138" width="300" height="225" /></a></p>
<p><strong>Valentine van de Hippomaan (non confirmée)</strong></p>
<p>&nbsp;</p>
<p><a href="https://animabelgeasbl.wordpress.com/animaux/anes/provence/p1060691/" rel="attachment wp-att-495"><img data-recalc-dims="1" loading="lazy" decoding="async" data-attachment-id="495" data-permalink="https://www.animabelge.be/?attachment_id=495" data-orig-file="https://i0.wp.com/www.animabelge.be/wp-content/uploads/2015/11/p1060691.jpg?fit=2560%2C1920&amp;ssl=1" data-orig-size="2560,1920" data-comments-opened="1" data-image-meta="{&quot;aperture&quot;:&quot;2.8&quot;,&quot;credit&quot;:&quot;&quot;,&quot;camera&quot;:&quot;DMC-FS10&quot;,&quot;caption&quot;:&quot;&quot;,&quot;created_timestamp&quot;:&quot;1398188985&quot;,&quot;copyright&quot;:&quot;&quot;,&quot;focal_length&quot;:&quot;5&quot;,&quot;iso&quot;:&quot;800&quot;,&quot;shutter_speed&quot;:&quot;0.033333333333333&quot;,&quot;title&quot;:&quot;&quot;,&quot;orientation&quot;:&quot;1&quot;}" data-image-title="P1060691" data-image-description="" data-image-caption="" data-medium-file="https://i0.wp.com/www.animabelge.be/wp-content/uploads/2015/11/p1060691.jpg?fit=300%2C225&amp;ssl=1" data-large-file="https://i0.wp.com/www.animabelge.be/wp-content/uploads/2015/11/p1060691.jpg?fit=525%2C394&amp;ssl=1" class="aligncenter wp-image-495" src="https://animabelgeasbl.files.wordpress.com/2014/04/p1060691.jpg?w=300&#038;resize=525%2C394" alt="P1060691" width="525" height="394" /></a></p>
<p>&nbsp;</p>

<p>Étalons Titoan du Colombier : (agréé)  Né le 23/05/2007 Ânesses Syrha du Toison ( confirmée) Tosca (non confirmée) Armonie 2 (confirmée) &nbsp; Valentine van de Hippomaan (non confirmée) &nbsp; &nbsp;</p>
