{"id":253,"date":"2014-04-10T12:41:37","date_gmt":"2014-04-10T12:41:37","guid":{"rendered":"http:\/\/animabelgeasbl.wordpress.com\/?page_id=253"},"modified":"2019-07-28T11:26:12","modified_gmt":"2019-07-28T09:26:12","slug":"t1","status":"publish","type":"page","link":"https:\/\/www.animabelge.be\/?page_id=253","title":{"rendered":"T1 \u00e2ne de moins de 1 m\u00e8tre au garrot"},"content":{"rendered":"<p><span style=\"text-decoration: underline;\"><strong>\u00c9talons<\/strong><\/span><\/p>\n<p><strong><em>Remy de par del\u00e0 l&rsquo;eau : (agr\u00e9\u00e9)<\/em> <\/strong><\/p>\n<p>N\u00e9 le 01\/04\/2001<\/p>\n<p><a href=\"https:\/\/animabelgeasbl.files.wordpress.com\/2014\/04\/544509_3602961311270_987077065_n1.jpg\"><img data-recalc-dims=\"1\" loading=\"lazy\" decoding=\"async\" data-attachment-id=\"340\" data-permalink=\"https:\/\/www.animabelge.be\/?attachment_id=340\" data-orig-file=\"https:\/\/i0.wp.com\/www.animabelge.be\/wp-content\/uploads\/2015\/08\/544509_3602961311270_987077065_n1.jpg?fit=320%2C240&amp;ssl=1\" data-orig-size=\"320,240\" data-comments-opened=\"1\" data-image-meta=\"{&quot;aperture&quot;:&quot;0&quot;,&quot;credit&quot;:&quot;&quot;,&quot;camera&quot;:&quot;&quot;,&quot;caption&quot;:&quot;&quot;,&quot;created_timestamp&quot;:&quot;0&quot;,&quot;copyright&quot;:&quot;&quot;,&quot;focal_length&quot;:&quot;0&quot;,&quot;iso&quot;:&quot;0&quot;,&quot;shutter_speed&quot;:&quot;0&quot;,&quot;title&quot;:&quot;&quot;,&quot;orientation&quot;:&quot;0&quot;}\" data-image-title=\"544509_3602961311270_987077065_n[1]\" data-image-description=\"\" data-image-caption=\"\" data-medium-file=\"https:\/\/i0.wp.com\/www.animabelge.be\/wp-content\/uploads\/2015\/08\/544509_3602961311270_987077065_n1.jpg?fit=300%2C225&amp;ssl=1\" data-large-file=\"https:\/\/i0.wp.com\/www.animabelge.be\/wp-content\/uploads\/2015\/08\/544509_3602961311270_987077065_n1.jpg?fit=320%2C240&amp;ssl=1\" class=\"aligncenter size-medium wp-image-340\" src=\"https:\/\/animabelgeasbl.files.wordpress.com\/2014\/04\/544509_3602961311270_987077065_n1.jpg?w=300&#038;resize=300%2C225\" alt=\"544509_3602961311270_987077065_n[1]\" width=\"300\" height=\"225\" \/><\/a><\/p>\n<p>&nbsp;<\/p>\n<p><span style=\"text-decoration: underline;\"><strong>\u00c2nesses<\/strong><\/span><\/p>\n<p><strong><em>Youra de par del\u00e0 l&rsquo;eau : (confirm\u00e9e)<\/em><\/strong><\/p>\n<p>N\u00e9e le 01\/01\/1990<\/p>\n<p><a href=\"http:\/\/animabelgeasbl.files.wordpress.com\/2012\/09\/dsc_0211.jpg\"><img data-recalc-dims=\"1\" loading=\"lazy\" decoding=\"async\" data-attachment-id=\"198\" data-permalink=\"https:\/\/www.animabelge.be\/?attachment_id=198\" data-orig-file=\"https:\/\/i0.wp.com\/www.animabelge.be\/wp-content\/uploads\/2014\/01\/dsc_0211.jpg?fit=2592%2C3872&amp;ssl=1\" data-orig-size=\"2592,3872\" data-comments-opened=\"1\" data-image-meta=\"{&quot;aperture&quot;:&quot;5.6&quot;,&quot;credit&quot;:&quot;&quot;,&quot;camera&quot;:&quot;NIKON D60&quot;,&quot;caption&quot;:&quot;&quot;,&quot;created_timestamp&quot;:&quot;1374929642&quot;,&quot;copyright&quot;:&quot;&quot;,&quot;focal_length&quot;:&quot;105&quot;,&quot;iso&quot;:&quot;200&quot;,&quot;shutter_speed&quot;:&quot;0.003125&quot;,&quot;title&quot;:&quot;&quot;,&quot;orientation&quot;:&quot;1&quot;}\" data-image-title=\"DSC_0211\" data-image-description=\"\" data-image-caption=\"\" data-medium-file=\"https:\/\/i0.wp.com\/www.animabelge.be\/wp-content\/uploads\/2014\/01\/dsc_0211.jpg?fit=201%2C300&amp;ssl=1\" data-large-file=\"https:\/\/i0.wp.com\/www.animabelge.be\/wp-content\/uploads\/2014\/01\/dsc_0211.jpg?fit=525%2C785&amp;ssl=1\" class=\"aligncenter size-medium wp-image-198\" src=\"http:\/\/animabelgeasbl.files.wordpress.com\/2012\/09\/dsc_0211.jpg?w=200&#038;resize=200%2C300\" alt=\"DSC_0211\" width=\"200\" height=\"300\" \/><\/a><\/p>\n<p><em><strong>Cerise de par del\u00e0 l&rsquo;eau :(confirm\u00e9e)<\/strong><\/em><\/p>\n<p>N\u00e9e le 01\/06\/1999 <img data-recalc-dims=\"1\" loading=\"lazy\" decoding=\"async\" data-attachment-id=\"189\" data-permalink=\"https:\/\/www.animabelge.be\/?attachment_id=189\" data-orig-file=\"https:\/\/i0.wp.com\/www.animabelge.be\/wp-content\/uploads\/2014\/01\/dsc_0214.jpg?fit=2592%2C3872&amp;ssl=1\" data-orig-size=\"2592,3872\" data-comments-opened=\"1\" data-image-meta=\"{&quot;aperture&quot;:&quot;5.6&quot;,&quot;credit&quot;:&quot;&quot;,&quot;camera&quot;:&quot;NIKON D60&quot;,&quot;caption&quot;:&quot;&quot;,&quot;created_timestamp&quot;:&quot;1374929651&quot;,&quot;copyright&quot;:&quot;&quot;,&quot;focal_length&quot;:&quot;105&quot;,&quot;iso&quot;:&quot;200&quot;,&quot;shutter_speed&quot;:&quot;0.002&quot;,&quot;title&quot;:&quot;&quot;,&quot;orientation&quot;:&quot;1&quot;}\" data-image-title=\"DSC_0214\" data-image-description=\"\" data-image-caption=\"\" data-medium-file=\"https:\/\/i0.wp.com\/www.animabelge.be\/wp-content\/uploads\/2014\/01\/dsc_0214.jpg?fit=201%2C300&amp;ssl=1\" data-large-file=\"https:\/\/i0.wp.com\/www.animabelge.be\/wp-content\/uploads\/2014\/01\/dsc_0214.jpg?fit=525%2C785&amp;ssl=1\" class=\"aligncenter size-medium wp-image-189\" src=\"http:\/\/animabelgeasbl.files.wordpress.com\/2014\/01\/dsc_0214.jpg?w=200&#038;resize=200%2C300\" alt=\"DSC_0214\" width=\"200\" height=\"300\" srcset=\"https:\/\/i0.wp.com\/www.animabelge.be\/wp-content\/uploads\/2014\/01\/dsc_0214.jpg?w=2592&amp;ssl=1 2592w, https:\/\/i0.wp.com\/www.animabelge.be\/wp-content\/uploads\/2014\/01\/dsc_0214.jpg?resize=201%2C300&amp;ssl=1 201w, https:\/\/i0.wp.com\/www.animabelge.be\/wp-content\/uploads\/2014\/01\/dsc_0214.jpg?resize=768%2C1147&amp;ssl=1 768w, https:\/\/i0.wp.com\/www.animabelge.be\/wp-content\/uploads\/2014\/01\/dsc_0214.jpg?resize=685%2C1024&amp;ssl=1 685w, https:\/\/i0.wp.com\/www.animabelge.be\/wp-content\/uploads\/2014\/01\/dsc_0214.jpg?w=1050 1050w, https:\/\/i0.wp.com\/www.animabelge.be\/wp-content\/uploads\/2014\/01\/dsc_0214.jpg?w=1575 1575w\" sizes=\"auto, (max-width: 200px) 100vw, 200px\" \/><\/p>\n<p>&nbsp;<\/p>\n<p><strong><em>Rodh\u00e9sia de par del\u00e0 l&rsquo;eau :<\/em> <em>(confirm\u00e9e) <\/em><\/strong><\/p>\n<p>N\u00e9e le 05\/08\/2005<\/p>\n<p><a href=\"https:\/\/animabelgeasbl.wordpress.com\/animaux\/anes\/anes-wallons\/t1\/dscn1812\/\" rel=\"attachment wp-att-470\"><img data-recalc-dims=\"1\" loading=\"lazy\" decoding=\"async\" data-attachment-id=\"470\" data-permalink=\"https:\/\/www.animabelge.be\/?attachment_id=470\" data-orig-file=\"https:\/\/i0.wp.com\/www.animabelge.be\/wp-content\/uploads\/2015\/11\/dscn1812.jpg?fit=5152%2C3864&amp;ssl=1\" data-orig-size=\"5152,3864\" data-comments-opened=\"1\" data-image-meta=\"{&quot;aperture&quot;:&quot;4.2&quot;,&quot;credit&quot;:&quot;&quot;,&quot;camera&quot;:&quot;COOLPIX S3600&quot;,&quot;caption&quot;:&quot;&quot;,&quot;created_timestamp&quot;:&quot;1406823801&quot;,&quot;copyright&quot;:&quot;&quot;,&quot;focal_length&quot;:&quot;6&quot;,&quot;iso&quot;:&quot;80&quot;,&quot;shutter_speed&quot;:&quot;0.002&quot;,&quot;title&quot;:&quot;&quot;,&quot;orientation&quot;:&quot;1&quot;}\" data-image-title=\"DSCN1812\" data-image-description=\"\" data-image-caption=\"\" data-medium-file=\"https:\/\/i0.wp.com\/www.animabelge.be\/wp-content\/uploads\/2015\/11\/dscn1812.jpg?fit=300%2C225&amp;ssl=1\" data-large-file=\"https:\/\/i0.wp.com\/www.animabelge.be\/wp-content\/uploads\/2015\/11\/dscn1812.jpg?fit=525%2C394&amp;ssl=1\" class=\"aligncenter size-medium wp-image-470\" src=\"https:\/\/animabelgeasbl.files.wordpress.com\/2014\/04\/dscn1812.jpg?w=300&#038;resize=300%2C225\" alt=\"DSCN1812\" width=\"300\" height=\"225\" \/><\/a><\/p>\n<p><em><strong>Nolana de par del\u00e0 l&rsquo;eau :<\/strong> <strong>(confirm\u00e9e) <\/strong><\/em><\/p>\n<p>N\u00e9e le 01\/01\/1996<\/p>\n<p>&nbsp;<\/p>\n<p>&nbsp;<\/p>\n<p>&nbsp;<\/p>\n<p>&nbsp;<\/p>\n<p>&nbsp;<\/p>\n","protected":false},"excerpt":{"rendered":"<p>\u00c9talons Remy de par del\u00e0 l&rsquo;eau : (agr\u00e9\u00e9) N\u00e9 le 01\/04\/2001 &nbsp; \u00c2nesses Youra de par del\u00e0 l&rsquo;eau : (confirm\u00e9e) N\u00e9e le 01\/01\/1990 Cerise de par del\u00e0 l&rsquo;eau :(confirm\u00e9e) N\u00e9e le 01\/06\/1999 &nbsp; Rodh\u00e9sia de par del\u00e0 l&rsquo;eau : (confirm\u00e9e) N\u00e9e le 05\/08\/2005 Nolana de par del\u00e0 l&rsquo;eau : (confirm\u00e9e) N\u00e9e le 01\/01\/1996 &nbsp; &nbsp; &hellip; <\/p>\n<p class=\"link-more\"><a href=\"https:\/\/www.animabelge.be\/?page_id=253\" class=\"more-link\">Continuer la lecture<span class=\"screen-reader-text\"> de &laquo;&nbsp;T1 \u00e2ne de moins de 1 m\u00e8tre au garrot&nbsp;&raquo;<\/span><\/a><\/p>\n","protected":false},"author":2,"featured_media":0,"parent":251,"menu_order":0,"comment_status":"closed","ping_status":"open","template":"","meta":{"jetpack_post_was_ever_published":false,"footnotes":""},"class_list":["post-253","page","type-page","status-publish","hentry"],"jetpack_sharing_enabled":true,"jetpack_shortlink":"https:\/\/wp.me\/P9DO0T-45","jetpack_likes_enabled":true,"jetpack-related-posts":[],"_links":{"self":[{"href":"https:\/\/www.animabelge.be\/index.php?rest_route=\/wp\/v2\/pages\/253","targetHints":{"allow":["GET"]}}],"collection":[{"href":"https:\/\/www.animabelge.be\/index.php?rest_route=\/wp\/v2\/pages"}],"about":[{"href":"https:\/\/www.animabelge.be\/index.php?rest_route=\/wp\/v2\/types\/page"}],"author":[{"embeddable":true,"href":"https:\/\/www.animabelge.be\/index.php?rest_route=\/wp\/v2\/users\/2"}],"replies":[{"embeddable":true,"href":"https:\/\/www.animabelge.be\/index.php?rest_route=%2Fwp%2Fv2%2Fcomments&post=253"}],"version-history":[{"count":2,"href":"https:\/\/www.animabelge.be\/index.php?rest_route=\/wp\/v2\/pages\/253\/revisions"}],"predecessor-version":[{"id":1047,"href":"https:\/\/www.animabelge.be\/index.php?rest_route=\/wp\/v2\/pages\/253\/revisions\/1047"}],"up":[{"embeddable":true,"href":"https:\/\/www.animabelge.be\/index.php?rest_route=\/wp\/v2\/pages\/251"}],"wp:attachment":[{"href":"https:\/\/www.animabelge.be\/index.php?rest_route=%2Fwp%2Fv2%2Fmedia&parent=253"}],"curies":[{"name":"wp","href":"https:\/\/api.w.org\/{rel}","templated":true}]}}

T1 âne de moins de 1 mètre au garrot

<p><span style="text-decoration: underline;"><strong>Étalons</strong></span></p>
<p><strong><em>Remy de par delà l&rsquo;eau : (agréé)</em> </strong></p>
<p>Né le 01/04/2001</p>
<p><a href="https://animabelgeasbl.files.wordpress.com/2014/04/544509_3602961311270_987077065_n1.jpg"><img data-recalc-dims="1" loading="lazy" decoding="async" data-attachment-id="340" data-permalink="https://www.animabelge.be/?attachment_id=340" data-orig-file="https://i0.wp.com/www.animabelge.be/wp-content/uploads/2015/08/544509_3602961311270_987077065_n1.jpg?fit=320%2C240&amp;ssl=1" data-orig-size="320,240" data-comments-opened="1" data-image-meta="{&quot;aperture&quot;:&quot;0&quot;,&quot;credit&quot;:&quot;&quot;,&quot;camera&quot;:&quot;&quot;,&quot;caption&quot;:&quot;&quot;,&quot;created_timestamp&quot;:&quot;0&quot;,&quot;copyright&quot;:&quot;&quot;,&quot;focal_length&quot;:&quot;0&quot;,&quot;iso&quot;:&quot;0&quot;,&quot;shutter_speed&quot;:&quot;0&quot;,&quot;title&quot;:&quot;&quot;,&quot;orientation&quot;:&quot;0&quot;}" data-image-title="544509_3602961311270_987077065_n[1]" data-image-description="" data-image-caption="" data-medium-file="https://i0.wp.com/www.animabelge.be/wp-content/uploads/2015/08/544509_3602961311270_987077065_n1.jpg?fit=300%2C225&amp;ssl=1" data-large-file="https://i0.wp.com/www.animabelge.be/wp-content/uploads/2015/08/544509_3602961311270_987077065_n1.jpg?fit=320%2C240&amp;ssl=1" class="aligncenter size-medium wp-image-340" src="https://animabelgeasbl.files.wordpress.com/2014/04/544509_3602961311270_987077065_n1.jpg?w=300&#038;resize=300%2C225" alt="544509_3602961311270_987077065_n[1]" width="300" height="225" /></a></p>
<p>&nbsp;</p>
<p><span style="text-decoration: underline;"><strong>Ânesses</strong></span></p>
<p><strong><em>Youra de par delà l&rsquo;eau : (confirmée)</em></strong></p>
<p>Née le 01/01/1990</p>
<p><a href="http://animabelgeasbl.files.wordpress.com/2012/09/dsc_0211.jpg"><img data-recalc-dims="1" loading="lazy" decoding="async" data-attachment-id="198" data-permalink="https://www.animabelge.be/?attachment_id=198" data-orig-file="https://i0.wp.com/www.animabelge.be/wp-content/uploads/2014/01/dsc_0211.jpg?fit=2592%2C3872&amp;ssl=1" data-orig-size="2592,3872" data-comments-opened="1" data-image-meta="{&quot;aperture&quot;:&quot;5.6&quot;,&quot;credit&quot;:&quot;&quot;,&quot;camera&quot;:&quot;NIKON D60&quot;,&quot;caption&quot;:&quot;&quot;,&quot;created_timestamp&quot;:&quot;1374929642&quot;,&quot;copyright&quot;:&quot;&quot;,&quot;focal_length&quot;:&quot;105&quot;,&quot;iso&quot;:&quot;200&quot;,&quot;shutter_speed&quot;:&quot;0.003125&quot;,&quot;title&quot;:&quot;&quot;,&quot;orientation&quot;:&quot;1&quot;}" data-image-title="DSC_0211" data-image-description="" data-image-caption="" data-medium-file="https://i0.wp.com/www.animabelge.be/wp-content/uploads/2014/01/dsc_0211.jpg?fit=201%2C300&amp;ssl=1" data-large-file="https://i0.wp.com/www.animabelge.be/wp-content/uploads/2014/01/dsc_0211.jpg?fit=525%2C785&amp;ssl=1" class="aligncenter size-medium wp-image-198" src="http://animabelgeasbl.files.wordpress.com/2012/09/dsc_0211.jpg?w=200&#038;resize=200%2C300" alt="DSC_0211" width="200" height="300" /></a></p>
<p><em><strong>Cerise de par delà l&rsquo;eau :(confirmée)</strong></em></p>
<p>Née le 01/06/1999 <img data-recalc-dims="1" loading="lazy" decoding="async" data-attachment-id="189" data-permalink="https://www.animabelge.be/?attachment_id=189" data-orig-file="https://i0.wp.com/www.animabelge.be/wp-content/uploads/2014/01/dsc_0214.jpg?fit=2592%2C3872&amp;ssl=1" data-orig-size="2592,3872" data-comments-opened="1" data-image-meta="{&quot;aperture&quot;:&quot;5.6&quot;,&quot;credit&quot;:&quot;&quot;,&quot;camera&quot;:&quot;NIKON D60&quot;,&quot;caption&quot;:&quot;&quot;,&quot;created_timestamp&quot;:&quot;1374929651&quot;,&quot;copyright&quot;:&quot;&quot;,&quot;focal_length&quot;:&quot;105&quot;,&quot;iso&quot;:&quot;200&quot;,&quot;shutter_speed&quot;:&quot;0.002&quot;,&quot;title&quot;:&quot;&quot;,&quot;orientation&quot;:&quot;1&quot;}" data-image-title="DSC_0214" data-image-description="" data-image-caption="" data-medium-file="https://i0.wp.com/www.animabelge.be/wp-content/uploads/2014/01/dsc_0214.jpg?fit=201%2C300&amp;ssl=1" data-large-file="https://i0.wp.com/www.animabelge.be/wp-content/uploads/2014/01/dsc_0214.jpg?fit=525%2C785&amp;ssl=1" class="aligncenter size-medium wp-image-189" src="http://animabelgeasbl.files.wordpress.com/2014/01/dsc_0214.jpg?w=200&#038;resize=200%2C300" alt="DSC_0214" width="200" height="300" srcset="https://i0.wp.com/www.animabelge.be/wp-content/uploads/2014/01/dsc_0214.jpg?w=2592&amp;ssl=1 2592w, https://i0.wp.com/www.animabelge.be/wp-content/uploads/2014/01/dsc_0214.jpg?resize=201%2C300&amp;ssl=1 201w, https://i0.wp.com/www.animabelge.be/wp-content/uploads/2014/01/dsc_0214.jpg?resize=768%2C1147&amp;ssl=1 768w, https://i0.wp.com/www.animabelge.be/wp-content/uploads/2014/01/dsc_0214.jpg?resize=685%2C1024&amp;ssl=1 685w, https://i0.wp.com/www.animabelge.be/wp-content/uploads/2014/01/dsc_0214.jpg?w=1050 1050w, https://i0.wp.com/www.animabelge.be/wp-content/uploads/2014/01/dsc_0214.jpg?w=1575 1575w" sizes="auto, (max-width: 200px) 100vw, 200px" /></p>
<p>&nbsp;</p>
<p><strong><em>Rodhésia de par delà l&rsquo;eau :</em> <em>(confirmée) </em></strong></p>
<p>Née le 05/08/2005</p>
<p><a href="https://animabelgeasbl.wordpress.com/animaux/anes/anes-wallons/t1/dscn1812/" rel="attachment wp-att-470"><img data-recalc-dims="1" loading="lazy" decoding="async" data-attachment-id="470" data-permalink="https://www.animabelge.be/?attachment_id=470" data-orig-file="https://i0.wp.com/www.animabelge.be/wp-content/uploads/2015/11/dscn1812.jpg?fit=5152%2C3864&amp;ssl=1" data-orig-size="5152,3864" data-comments-opened="1" data-image-meta="{&quot;aperture&quot;:&quot;4.2&quot;,&quot;credit&quot;:&quot;&quot;,&quot;camera&quot;:&quot;COOLPIX S3600&quot;,&quot;caption&quot;:&quot;&quot;,&quot;created_timestamp&quot;:&quot;1406823801&quot;,&quot;copyright&quot;:&quot;&quot;,&quot;focal_length&quot;:&quot;6&quot;,&quot;iso&quot;:&quot;80&quot;,&quot;shutter_speed&quot;:&quot;0.002&quot;,&quot;title&quot;:&quot;&quot;,&quot;orientation&quot;:&quot;1&quot;}" data-image-title="DSCN1812" data-image-description="" data-image-caption="" data-medium-file="https://i0.wp.com/www.animabelge.be/wp-content/uploads/2015/11/dscn1812.jpg?fit=300%2C225&amp;ssl=1" data-large-file="https://i0.wp.com/www.animabelge.be/wp-content/uploads/2015/11/dscn1812.jpg?fit=525%2C394&amp;ssl=1" class="aligncenter size-medium wp-image-470" src="https://animabelgeasbl.files.wordpress.com/2014/04/dscn1812.jpg?w=300&#038;resize=300%2C225" alt="DSCN1812" width="300" height="225" /></a></p>
<p><em><strong>Nolana de par delà l&rsquo;eau :</strong> <strong>(confirmée) </strong></em></p>
<p>Née le 01/01/1996</p>
<p>&nbsp;</p>
<p>&nbsp;</p>
<p>&nbsp;</p>
<p>&nbsp;</p>
<p>&nbsp;</p>

<p>Étalons Remy de par delà l&rsquo;eau : (agréé) Né le 01/04/2001 &nbsp; Ânesses Youra de par delà l&rsquo;eau : (confirmée) Née le 01/01/1990 Cerise de par delà l&rsquo;eau :(confirmée) Née le 01/06/1999 &nbsp; Rodhésia de par delà l&rsquo;eau : (confirmée) Née le 05/08/2005 Nolana de par delà l&rsquo;eau : (confirmée) Née le 01/01/1996 &nbsp; &nbsp; &hellip; </p>
<p class="link-more"><a href="https://www.animabelge.be/?page_id=253" class="more-link">Continuer la lecture<span class="screen-reader-text"> de &laquo;&nbsp;T1 âne de moins de 1 mètre au garrot&nbsp;&raquo;</span></a></p>
